{"id":279,"date":"2025-04-27T14:07:25","date_gmt":"2025-04-27T14:07:25","guid":{"rendered":"http:\/\/localhost:8888\/info179\/?page_id=279"},"modified":"2025-05-06T02:13:42","modified_gmt":"2025-05-06T02:13:42","slug":"gioi-thieu","status":"publish","type":"page","link":"https:\/\/store3.k-tech-services.com\/tudonghoahcm\/gioi-thieu\/","title":{"rendered":"Gi\u1edbi thi\u1ec7u"},"content":{"rendered":"\n\t<section class=\"section\" id=\"section_65925100\">\n\t\t<div class=\"section-bg fill\" >\n\t\t\t\t\t\t\t\t\t\n\t\t\t\n\n\t\t<\/div>\n\n\t\t\n\n\t\t<div class=\"section-content relative\">\n\t\t\t\n<div class=\"row\"  id=\"row-1297338986\">\n\n\t<div id=\"col-1858563918\" class=\"col small-12 large-12\"  >\n\t\t\t\t<div class=\"col-inner\"  >\n\t\t\t\n\t\t\t\n<header class=\"entry-header\">\n<h1 class=\"entry-title\">V\u1ec1 c\u00f4ng ty Tr\u1ea7n Gia Group<\/h1>\n<\/header>\n<div class=\"entry-content\">\n<p>C\u00f4ng ty C\u1ed5 ph\u1ea7n T\u1eadp \u0111o\u00e0n Tr\u1ea7n Gia Group l\u00e0 nh\u00e0 cung c\u1ea5p s\u1ea3n ph\u1ea9m v\u00e0 ph\u00e1t tri\u1ec3n gi\u1ea3i ph\u00e1p d\u1eabn \u0111\u1ea7u th\u1ecb tr\u01b0\u1eddng Vi\u1ec7t Nam trong l\u0129nh v\u1ef1c T\u1ef1 \u0111\u1ed9ng h\u00f3a v\u00e0 n\u0103ng l\u01b0\u1ee3ng t\u00e1i t\u1ea1o. (Xem chi ti\u1ebft H\u1ed3 s\u01a1 n\u0103ng l\u1ef1c C\u00f4ng ty Tr\u1ea7n Gia).<\/p>\n<p>Trong h\u01a1n 19 n\u0103m qua, Tr\u1ea7n Gia Group \u0111\u00e3 x\u00e2y d\u1ef1ng H\u1ec7 sinh th\u00e1i gi\u00e1 tr\u1ecb v\u1edbi c\u00e1c y\u1ebfu t\u1ed1 v\u01b0\u1ee3t tr\u1ed9i v\u1ec1 v\u0103n h\u00f3a, chi\u1ebfn l\u01b0\u1ee3c, nh\u00e2n s\u1ef1, gi\u1ea3i ph\u00e1p, d\u1ecbch v\u1ee5, c\u00f4ng ngh\u1ec7, n\u0103ng l\u1ef1c cung \u1ee9ng\u2026 h\u01b0\u1edbng t\u1edbi gia t\u0103ng hi\u1ec7u qu\u1ea3 cho kh\u00e1ch h\u00e0ng, \u0111\u1ed1i t\u00e1c trong ho\u1ea1t \u0111\u1ed9ng s\u1ea3n xu\u1ea5t v\u00e0 kinh doanh.<\/p>\n<p><span style=\"color: #008bcc;\"><strong>L\u0129nh v\u1ef1c ho\u1ea1t \u0111\u1ed9ng<\/strong><\/span><\/p>\n<p>\u00a0Tr\u1ea7n Gia Group l\u00e0 c\u00f4ng ty c\u00f4ng ngh\u1ec7 trong l\u0129nh v\u1ef1c bi\u1ebfn t\u1ea7n \u2013 t\u1ef1 \u0111\u1ed9ng ho\u00e1, \u0111i\u1ec1u khi\u1ec3n thang m\u00e1y, \u0111i\u1ec7n m\u1eb7t tr\u1eddi \u2013 l\u01b0u tr\u1eef \u0111i\u1ec7n v\u00e0 UPS . Ch\u00fang t\u00f4i cung c\u1ea5p c\u00e1c s\u1ea3n ph\u1ea9m, gi\u1ea3i ph\u00e1p v\u00e0 d\u1ecbch v\u1ee5 sau:<\/p>\n<\/div>\n\t\t<\/div>\n\t\t\t\t\t<\/div>\n\n\t\n<\/div>\n<div class=\"row\"  id=\"row-1462015055\">\n\n\t<div id=\"col-1001673847\" class=\"col medium-6 small-12 large-6\"  >\n\t\t\t\t<div class=\"col-inner\"  >\n\t\t\t\n\t\t\t\n\t<div class=\"img has-hover x md-x lg-x y md-y lg-y\" id=\"image_1074212946\">\n\t\t\t\t\t\t\t\t<div class=\"img-inner image-cover dark\" style=\"padding-top:50%;\">\n\t\t\t<img loading=\"lazy\" decoding=\"async\" width=\"1002\" height=\"573\" src=\"https:\/\/store3.k-tech-services.com\/tudonghoahcm\/wp-content\/uploads\/2025\/04\/bien-tan-tu-dong-hoa.jpg\" class=\"attachment-original size-original\" alt=\"\" srcset=\"https:\/\/store3.k-tech-services.com\/tudonghoahcm\/wp-content\/uploads\/2025\/04\/bien-tan-tu-dong-hoa.jpg 1002w, https:\/\/store3.k-tech-services.com\/tudonghoahcm\/wp-content\/uploads\/2025\/04\/bien-tan-tu-dong-hoa-300x172.jpg 300w, https:\/\/store3.k-tech-services.com\/tudonghoahcm\/wp-content\/uploads\/2025\/04\/bien-tan-tu-dong-hoa-768x439.jpg 768w, https:\/\/store3.k-tech-services.com\/tudonghoahcm\/wp-content\/uploads\/2025\/04\/bien-tan-tu-dong-hoa-600x343.jpg 600w\" sizes=\"auto, (max-width: 1002px) 100vw, 1002px\" \/>\t\t\t\t\t\t\n\t\t\t\t\t<\/div>\n\t\t\t\t\t\t\t\t\n<style>\n#image_1074212946 {\n  width: 100%;\n}\n<\/style>\n\t<\/div>\n\t\n\t\t<\/div>\n\t\t\t\t\t<\/div>\n\n\t\n\n\t<div id=\"col-859600243\" class=\"col medium-6 small-12 large-6\"  >\n\t\t\t\t<div class=\"col-inner\"  >\n\t\t\t\n\t\t\t\n\t<div id=\"text-4260461706\" class=\"text\">\n\t\t\n<h2><span style=\"color: #e92c36;\"><strong>BI\u1ebeN T\u1ea6N<\/strong><\/span><\/h2>\n<ul>\n<li>Bi\u1ebfn t\u1ea7n<\/li>\n<li>Servo<\/li>\n<li>Gi\u00e1m s\u00e1t \u2013 \u0110i\u1ec1u khi\u1ec3n<\/li>\n<\/ul>\n\t\t\n<style>\n#text-4260461706 {\n  color: rgb(0,0,0);\n}\n#text-4260461706 > * {\n  color: rgb(0,0,0);\n}\n<\/style>\n\t<\/div>\n\t\n<a href=\"\/info179\/product-category\/tu-dong-hoa\/invt\/bien-tan\/\" class=\"button primary is-shade box-shadow-3 box-shadow-5-hover\"  style=\"border-radius:5px;\">\n\t\t<span>Xem th\u00eam<\/span>\n\t<\/a>\n\n\t\t<\/div>\n\t\t\t\t\t<\/div>\n\n\t\n<\/div>\n<div class=\"row\"  id=\"row-1475349701\">\n\n\t<div id=\"col-250295407\" class=\"col medium-6 small-12 large-6\"  >\n\t\t\t\t<div class=\"col-inner\"  >\n\t\t\t\n\t\t\t\n\t<div class=\"img has-hover x md-x lg-x y md-y lg-y\" id=\"image_1442076065\">\n\t\t\t\t\t\t\t\t<div class=\"img-inner image-cover dark\" style=\"padding-top:50%;\">\n\t\t\t<img loading=\"lazy\" decoding=\"async\" width=\"1002\" height=\"573\" src=\"https:\/\/store3.k-tech-services.com\/tudonghoahcm\/wp-content\/uploads\/2025\/04\/dieu-khien-thang-may.jpg\" class=\"attachment-original size-original\" alt=\"\" srcset=\"https:\/\/store3.k-tech-services.com\/tudonghoahcm\/wp-content\/uploads\/2025\/04\/dieu-khien-thang-may.jpg 1002w, https:\/\/store3.k-tech-services.com\/tudonghoahcm\/wp-content\/uploads\/2025\/04\/dieu-khien-thang-may-300x172.jpg 300w, https:\/\/store3.k-tech-services.com\/tudonghoahcm\/wp-content\/uploads\/2025\/04\/dieu-khien-thang-may-768x439.jpg 768w, https:\/\/store3.k-tech-services.com\/tudonghoahcm\/wp-content\/uploads\/2025\/04\/dieu-khien-thang-may-600x343.jpg 600w\" sizes=\"auto, (max-width: 1002px) 100vw, 1002px\" \/>\t\t\t\t\t\t\n\t\t\t\t\t<\/div>\n\t\t\t\t\t\t\t\t\n<style>\n#image_1442076065 {\n  width: 100%;\n}\n<\/style>\n\t<\/div>\n\t\n\t\t<\/div>\n\t\t\t\t\t<\/div>\n\n\t\n\n\t<div id=\"col-582892667\" class=\"col medium-6 small-12 large-6\"  >\n\t\t\t\t<div class=\"col-inner\"  >\n\t\t\t\n\t\t\t\n\t<div id=\"text-2413531510\" class=\"text\">\n\t\t\n<h2><span style=\"color: #e92c36;\"><strong>AC SERVO<\/strong><\/span><\/h2>\n<ul>\n<li>Bi\u1ebfn t\u1ea7n<\/li>\n<li>Servo<\/li>\n<li>Gi\u00e1m s\u00e1t \u2013 \u0110i\u1ec1u khi\u1ec3n<\/li>\n<\/ul>\n\t\t\n<style>\n#text-2413531510 {\n  color: rgb(0,0,0);\n}\n#text-2413531510 > * {\n  color: rgb(0,0,0);\n}\n<\/style>\n\t<\/div>\n\t\n<a href=\"\/info179\/product-category\/tu-dong-hoa\/invt\/servo\/\" class=\"button primary is-shade box-shadow-3 box-shadow-5-hover\"  style=\"border-radius:5px;\">\n\t\t<span>Xem th\u00eam<\/span>\n\t<\/a>\n\n\t\t<\/div>\n\t\t\t\t\t<\/div>\n\n\t\n<\/div>\n<div class=\"row\"  id=\"row-1106604033\">\n\n\t<div id=\"col-179943304\" class=\"col medium-6 small-12 large-6\"  >\n\t\t\t\t<div class=\"col-inner\"  >\n\t\t\t\n\t\t\t\n\t<div class=\"img has-hover x md-x lg-x y md-y lg-y\" id=\"image_1849458005\">\n\t\t\t\t\t\t\t\t<div class=\"img-inner image-cover dark\" style=\"padding-top:50%;\">\n\t\t\t<img loading=\"lazy\" decoding=\"async\" width=\"1000\" height=\"573\" src=\"https:\/\/store3.k-tech-services.com\/tudonghoahcm\/wp-content\/uploads\/2025\/04\/nang-luong-mat-troi.jpg\" class=\"attachment-original size-original\" alt=\"\" srcset=\"https:\/\/store3.k-tech-services.com\/tudonghoahcm\/wp-content\/uploads\/2025\/04\/nang-luong-mat-troi.jpg 1000w, https:\/\/store3.k-tech-services.com\/tudonghoahcm\/wp-content\/uploads\/2025\/04\/nang-luong-mat-troi-300x172.jpg 300w, https:\/\/store3.k-tech-services.com\/tudonghoahcm\/wp-content\/uploads\/2025\/04\/nang-luong-mat-troi-768x440.jpg 768w, https:\/\/store3.k-tech-services.com\/tudonghoahcm\/wp-content\/uploads\/2025\/04\/nang-luong-mat-troi-600x344.jpg 600w\" sizes=\"auto, (max-width: 1000px) 100vw, 1000px\" \/>\t\t\t\t\t\t\n\t\t\t\t\t<\/div>\n\t\t\t\t\t\t\t\t\n<style>\n#image_1849458005 {\n  width: 100%;\n}\n<\/style>\n\t<\/div>\n\t\n\t\t<\/div>\n\t\t\t\t\t<\/div>\n\n\t\n\n\t<div id=\"col-954628580\" class=\"col medium-6 small-12 large-6\"  >\n\t\t\t\t<div class=\"col-inner\"  >\n\t\t\t\n\t\t\t\n\t<div id=\"text-19000086\" class=\"text\">\n\t\t\n<h2><span style=\"color: #e92c36;\"><strong>B\u1ed9 L\u1eadp Tr\u00ecnh Plc<\/strong><\/span><\/h2>\n<ul>\n<li>Bi\u1ebfn t\u1ea7n<\/li>\n<li>Servo<\/li>\n<li>Gi\u00e1m s\u00e1t \u2013 \u0110i\u1ec1u khi\u1ec3n<\/li>\n<\/ul>\n\t\t\n<style>\n#text-19000086 {\n  color: rgb(0,0,0);\n}\n#text-19000086 > * {\n  color: rgb(0,0,0);\n}\n<\/style>\n\t<\/div>\n\t\n<a href=\"\/info179\/product-category\/tu-dong-hoa\/siemens\/industrial-pc\/\" class=\"button primary is-shade box-shadow-3 box-shadow-5-hover\"  style=\"border-radius:5px;\">\n\t\t<span>Xem th\u00eam<\/span>\n\t<\/a>\n\n\t\t<\/div>\n\t\t\t\t\t<\/div>\n\n\t\n<\/div>\n<div class=\"row\"  id=\"row-1215834271\">\n\n\t<div id=\"col-1545504702\" class=\"col medium-6 small-12 large-6\"  >\n\t\t\t\t<div class=\"col-inner\"  >\n\t\t\t\n\t\t\t\n\t<div class=\"img has-hover x md-x lg-x y md-y lg-y\" id=\"image_1229575297\">\n\t\t\t\t\t\t\t\t<div class=\"img-inner image-cover dark\" style=\"padding-top:50%;\">\n\t\t\t<img loading=\"lazy\" decoding=\"async\" width=\"1002\" height=\"573\" src=\"https:\/\/store3.k-tech-services.com\/tudonghoahcm\/wp-content\/uploads\/2025\/04\/ups.jpg\" class=\"attachment-original size-original\" alt=\"\" srcset=\"https:\/\/store3.k-tech-services.com\/tudonghoahcm\/wp-content\/uploads\/2025\/04\/ups.jpg 1002w, https:\/\/store3.k-tech-services.com\/tudonghoahcm\/wp-content\/uploads\/2025\/04\/ups-300x172.jpg 300w, https:\/\/store3.k-tech-services.com\/tudonghoahcm\/wp-content\/uploads\/2025\/04\/ups-768x439.jpg 768w, https:\/\/store3.k-tech-services.com\/tudonghoahcm\/wp-content\/uploads\/2025\/04\/ups-600x343.jpg 600w\" sizes=\"auto, (max-width: 1002px) 100vw, 1002px\" \/>\t\t\t\t\t\t\n\t\t\t\t\t<\/div>\n\t\t\t\t\t\t\t\t\n<style>\n#image_1229575297 {\n  width: 100%;\n}\n<\/style>\n\t<\/div>\n\t\n\t\t<\/div>\n\t\t\t\t\t<\/div>\n\n\t\n\n\t<div id=\"col-571475427\" class=\"col medium-6 small-12 large-6\"  >\n\t\t\t\t<div class=\"col-inner\"  >\n\t\t\t\n\t\t\t\n\t<div id=\"text-2308735684\" class=\"text\">\n\t\t\n<h2><span style=\"color: #e92c36;\"><strong>M\u00e0n H\u00ecnh HMI<\/strong><\/span><\/h2>\n<ul>\n<li>Bi\u1ebfn t\u1ea7n<\/li>\n<li>Servo<\/li>\n<li>Gi\u00e1m s\u00e1t \u2013 \u0110i\u1ec1u khi\u1ec3n<\/li>\n<\/ul>\n\t\t\n<style>\n#text-2308735684 {\n  color: rgb(0,0,0);\n}\n#text-2308735684 > * {\n  color: rgb(0,0,0);\n}\n<\/style>\n\t<\/div>\n\t\n<a href=\"\/info179\/product-category\/tu-dong-hoa\/siemens\/other-product\/\" class=\"button primary is-shade box-shadow-3 box-shadow-5-hover\"  style=\"border-radius:5px;\">\n\t\t<span>Xem th\u00eam<\/span>\n\t<\/a>\n\n\t\t<\/div>\n\t\t\t\t\t<\/div>\n\n\t\n<\/div>\n<div class=\"row\"  id=\"row-1531825017\">\n\n\t<div id=\"col-1165344638\" class=\"col medium-6 small-12 large-6\"  >\n\t\t\t\t<div class=\"col-inner\"  >\n\t\t\t\n\t\t\t\n\t<div class=\"img has-hover x md-x lg-x y md-y lg-y\" id=\"image_1561576226\">\n\t\t\t\t\t\t\t\t<div class=\"img-inner image-cover dark\" style=\"padding-top:50%;\">\n\t\t\t<img loading=\"lazy\" decoding=\"async\" width=\"1002\" height=\"573\" src=\"https:\/\/store3.k-tech-services.com\/tudonghoahcm\/wp-content\/uploads\/2025\/04\/dich-vu-dat.jpg\" class=\"attachment-original size-original\" alt=\"\" srcset=\"https:\/\/store3.k-tech-services.com\/tudonghoahcm\/wp-content\/uploads\/2025\/04\/dich-vu-dat.jpg 1002w, https:\/\/store3.k-tech-services.com\/tudonghoahcm\/wp-content\/uploads\/2025\/04\/dich-vu-dat-300x172.jpg 300w, https:\/\/store3.k-tech-services.com\/tudonghoahcm\/wp-content\/uploads\/2025\/04\/dich-vu-dat-768x439.jpg 768w, https:\/\/store3.k-tech-services.com\/tudonghoahcm\/wp-content\/uploads\/2025\/04\/dich-vu-dat-600x343.jpg 600w\" sizes=\"auto, (max-width: 1002px) 100vw, 1002px\" \/>\t\t\t\t\t\t\n\t\t\t\t\t<\/div>\n\t\t\t\t\t\t\t\t\n<style>\n#image_1561576226 {\n  width: 100%;\n}\n<\/style>\n\t<\/div>\n\t\n\t\t<\/div>\n\t\t\t\t\t<\/div>\n\n\t\n\n\t<div id=\"col-1819082933\" class=\"col medium-6 small-12 large-6\"  >\n\t\t\t\t<div class=\"col-inner\"  >\n\t\t\t\n\t\t\t\n\t<div id=\"text-1561922118\" class=\"text\">\n\t\t\n<h2><span style=\"color: #e92c36;\"><strong>Thi\u1ebft B\u1ecb H\u1ed7 Tr\u1ee3<\/strong><\/span><\/h2>\n<ul>\n<li>Bi\u1ebfn t\u1ea7n<\/li>\n<li>Servo<\/li>\n<li>Gi\u00e1m s\u00e1t \u2013 \u0110i\u1ec1u khi\u1ec3n<\/li>\n<\/ul>\n\t\t\n<style>\n#text-1561922118 {\n  color: rgb(0,0,0);\n}\n#text-1561922118 > * {\n  color: rgb(0,0,0);\n}\n<\/style>\n\t<\/div>\n\t\n<a href=\"\/info179\/product-category\/tu-dong-hoa\/siemens\/accessories\/\" class=\"button primary is-shade box-shadow-3 box-shadow-5-hover\"  style=\"border-radius:5px;\">\n\t\t<span>Xem th\u00eam<\/span>\n\t<\/a>\n\n\t\t<\/div>\n\t\t\t\t\t<\/div>\n\n\t\n<\/div>\n<div class=\"row\"  id=\"row-124965152\">\n\n\t<div id=\"col-1345501592\" class=\"col medium-6 small-12 large-6\"  >\n\t\t\t\t<div class=\"col-inner\"  >\n\t\t\t\n\t\t\t\n\t<div class=\"img has-hover x md-x lg-x y md-y lg-y\" id=\"image_434695495\">\n\t\t\t\t\t\t\t\t<div class=\"img-inner image-cover dark\" style=\"padding-top:50%;\">\n\t\t\t<img loading=\"lazy\" decoding=\"async\" width=\"1453\" height=\"820\" src=\"https:\/\/store3.k-tech-services.com\/tudonghoahcm\/wp-content\/uploads\/2025\/04\/bao-hanh-bao-duong-h1229-1.jpg\" class=\"attachment-original size-original\" alt=\"\" srcset=\"https:\/\/store3.k-tech-services.com\/tudonghoahcm\/wp-content\/uploads\/2025\/04\/bao-hanh-bao-duong-h1229-1.jpg 1453w, https:\/\/store3.k-tech-services.com\/tudonghoahcm\/wp-content\/uploads\/2025\/04\/bao-hanh-bao-duong-h1229-1-300x169.jpg 300w, https:\/\/store3.k-tech-services.com\/tudonghoahcm\/wp-content\/uploads\/2025\/04\/bao-hanh-bao-duong-h1229-1-1024x578.jpg 1024w, https:\/\/store3.k-tech-services.com\/tudonghoahcm\/wp-content\/uploads\/2025\/04\/bao-hanh-bao-duong-h1229-1-768x433.jpg 768w, https:\/\/store3.k-tech-services.com\/tudonghoahcm\/wp-content\/uploads\/2025\/04\/bao-hanh-bao-duong-h1229-1-600x339.jpg 600w\" sizes=\"auto, (max-width: 1453px) 100vw, 1453px\" \/>\t\t\t\t\t\t\n\t\t\t\t\t<\/div>\n\t\t\t\t\t\t\t\t\n<style>\n#image_434695495 {\n  width: 100%;\n}\n<\/style>\n\t<\/div>\n\t\n\t\t<\/div>\n\t\t\t\t\t<\/div>\n\n\t\n\n\t<div id=\"col-1909395948\" class=\"col medium-6 small-12 large-6\"  >\n\t\t\t\t<div class=\"col-inner\"  >\n\t\t\t\n\t\t\t\n\t<div id=\"text-3614656618\" class=\"text\">\n\t\t\n<h2><span style=\"color: #e92c36;\"><strong>S\u1eeda Ch\u1eefa H\u1ed7 Tr\u1ee3 K\u0129 Thu\u1eadt<\/strong><\/span><\/h2>\n<ul>\n<li>Bi\u1ebfn t\u1ea7n<\/li>\n<li>Servo<\/li>\n<li>Gi\u00e1m s\u00e1t \u2013 \u0110i\u1ec1u khi\u1ec3n<\/li>\n<\/ul>\n\t\t\n<style>\n#text-3614656618 {\n  color: rgb(0,0,0);\n}\n#text-3614656618 > * {\n  color: rgb(0,0,0);\n}\n<\/style>\n\t<\/div>\n\t\n<a href=\"\/info179\/lien-he\/\" class=\"button primary is-shade box-shadow-3 box-shadow-5-hover\"  style=\"border-radius:5px;\">\n\t\t<span>Xem th\u00eam<\/span>\n\t<\/a>\n\n\t\t<\/div>\n\t\t\t\t\t<\/div>\n\n\t\n<\/div>\n\t\t<\/div>\n\n\t\t\n<style>\n#section_65925100 {\n  padding-top: 30px;\n  padding-bottom: 30px;\n}\n<\/style>\n\t<\/section>\n\t\n","protected":false},"excerpt":{"rendered":"","protected":false},"author":1,"featured_media":0,"parent":0,"menu_order":0,"comment_status":"closed","ping_status":"closed","template":"page-blank.php","meta":{"_acf_changed":false,"footnotes":""},"class_list":["post-279","page","type-page","status-publish","hentry"],"acf":[],"_links":{"self":[{"href":"https:\/\/store3.k-tech-services.com\/tudonghoahcm\/wp-json\/wp\/v2\/pages\/279","targetHints":{"allow":["GET"]}}],"collection":[{"href":"https:\/\/store3.k-tech-services.com\/tudonghoahcm\/wp-json\/wp\/v2\/pages"}],"about":[{"href":"https:\/\/store3.k-tech-services.com\/tudonghoahcm\/wp-json\/wp\/v2\/types\/page"}],"author":[{"embeddable":true,"href":"https:\/\/store3.k-tech-services.com\/tudonghoahcm\/wp-json\/wp\/v2\/users\/1"}],"replies":[{"embeddable":true,"href":"https:\/\/store3.k-tech-services.com\/tudonghoahcm\/wp-json\/wp\/v2\/comments?post=279"}],"version-history":[{"count":15,"href":"https:\/\/store3.k-tech-services.com\/tudonghoahcm\/wp-json\/wp\/v2\/pages\/279\/revisions"}],"predecessor-version":[{"id":792,"href":"https:\/\/store3.k-tech-services.com\/tudonghoahcm\/wp-json\/wp\/v2\/pages\/279\/revisions\/792"}],"wp:attachment":[{"href":"https:\/\/store3.k-tech-services.com\/tudonghoahcm\/wp-json\/wp\/v2\/media?parent=279"}],"curies":[{"name":"wp","href":"https:\/\/api.w.org\/{rel}","templated":true}]}}