{"id":547,"date":"2025-04-15T16:11:38","date_gmt":"2025-04-15T16:11:38","guid":{"rendered":"https:\/\/ktech2.k-tech-services.com\/nhabep82\/?post_type=product&#038;p=547"},"modified":"2025-04-15T16:11:38","modified_gmt":"2025-04-15T16:11:38","slug":"k-228s-70cm-90cm","status":"publish","type":"product","link":"https:\/\/store3.k-tech-services.com\/nhabep82\/san-pham\/k-228s-70cm-90cm\/","title":{"rendered":"K-228S (70cm\/90cm)"},"content":{"rendered":"<p class=\"\" data-start=\"1718\" data-end=\"1756\"><strong data-start=\"1718\" data-end=\"1730\">Gi\u00e1 b\u00e1n:<\/strong> 8.550.000 \/ 9.550.000 VN\u0110<\/p>\n<p class=\"\" data-start=\"1758\" data-end=\"1782\"><strong data-start=\"1758\" data-end=\"1780\">\u0110\u1eb7c t\u00ednh s\u1ea3n ph\u1ea9m:<\/strong><\/p>\n<ul data-start=\"1783\" data-end=\"2096\">\n<li class=\"\" data-start=\"1783\" data-end=\"1814\">\n<p class=\"\" data-start=\"1785\" data-end=\"1814\">H\u00fat m\u00f9i ki\u1ec3u d\u00e1ng k\u00ednh cong<\/p>\n<\/li>\n<li class=\"\" data-start=\"1815\" data-end=\"1847\">\n<p class=\"\" data-start=\"1817\" data-end=\"1847\">Ch\u1ea5t li\u1ec7u k\u00ednh, inox cao c\u1ea5p<\/p>\n<\/li>\n<li class=\"\" data-start=\"1848\" data-end=\"1881\">\n<p class=\"\" data-start=\"1850\" data-end=\"1881\">M\u1eb7t k\u00ednh c\u01b0\u1eddng l\u1ef1c sang tr\u1ecdng<\/p>\n<\/li>\n<li class=\"\" data-start=\"1882\" data-end=\"1915\">\n<p class=\"\" data-start=\"1884\" data-end=\"1915\">\u0110i\u1ec1u khi\u1ec3n c\u1ea3m \u1ee9ng 3-6 t\u1ed1c \u0111\u1ed9<\/p>\n<\/li>\n<li class=\"\" data-start=\"1916\" data-end=\"1950\">\n<p class=\"\" data-start=\"1918\" data-end=\"1950\">M\u00e0n h\u00ecnh LCD hi\u1ec3n th\u1ecb hi\u1ec7n \u0111\u1ea1i<\/p>\n<\/li>\n<li class=\"\" data-start=\"1951\" data-end=\"1980\">\n<p class=\"\" data-start=\"1953\" data-end=\"1980\">\u0110\u00e8n chi\u1ebfu s\u00e1ng LED 2*1.5W<\/p>\n<\/li>\n<li class=\"\" data-start=\"1981\" data-end=\"2005\">\n<p class=\"\" data-start=\"1983\" data-end=\"2005\">L\u01b0\u1edbi l\u1ecdc 15 l\u1edbp Inox<\/p>\n<\/li>\n<li class=\"\" data-start=\"2006\" data-end=\"2032\">\n<p class=\"\" data-start=\"2008\" data-end=\"2032\">Than ho\u1ea1t t\u00ednh kh\u1eed m\u00f9i<\/p>\n<\/li>\n<li class=\"\" data-start=\"2033\" data-end=\"2069\">\n<p class=\"\" data-start=\"2035\" data-end=\"2069\">Motor b\u1ec1n b\u1ec9 v\u1eadn h\u00e0nh si\u00eau \u00eam \u00e1i<\/p>\n<\/li>\n<li class=\"\" data-start=\"2070\" data-end=\"2096\">\n<p class=\"\" data-start=\"2072\" data-end=\"2096\">Ti\u00eau chu\u1ea9n Ch\u00e2u \u00c2u A++<\/p>\n<\/li>\n<\/ul>\n<p class=\"\" data-start=\"2098\" data-end=\"2123\"><strong data-start=\"2098\" data-end=\"2121\">T\u00ednh n\u0103ng s\u1ea3n ph\u1ea9m:<\/strong><\/p>\n<ul data-start=\"2124\" data-end=\"2244\">\n<li class=\"\" data-start=\"2124\" data-end=\"2150\">\n<p class=\"\" data-start=\"2126\" data-end=\"2150\">H\u00fat 3 c\u1ea5p \u0111\u1ed9 linh ho\u1ea1t<\/p>\n<\/li>\n<li class=\"\" data-start=\"2151\" data-end=\"2189\">\n<p class=\"\" data-start=\"2153\" data-end=\"2189\">C\u00f3 th\u1ec3 kh\u1eed tr\u1ef1c ti\u1ebfp ho\u1eb7c x\u1ea3 ngo\u00e0i<\/p>\n<\/li>\n<li class=\"\" data-start=\"2190\" data-end=\"2222\">\n<p class=\"\" data-start=\"2192\" data-end=\"2222\">Thi\u1ebft k\u1ebf Decor l\u1eafp g\u1eafn t\u01b0\u1eddng<\/p>\n<\/li>\n<li class=\"\" data-start=\"2223\" data-end=\"2244\">\n<p class=\"\" data-start=\"2225\" data-end=\"2244\">H\u1eb9n gi\u1edd linh ho\u1ea1t<\/p>\n<\/li>\n<\/ul>\n<p class=\"\" data-start=\"2246\" data-end=\"2271\"><strong data-start=\"2246\" data-end=\"2269\">Th\u00f4ng tin k\u1ef9 thu\u1eadt:<\/strong><\/p>\n<ul data-start=\"2272\" data-end=\"2444\">\n<li class=\"\" data-start=\"2272\" data-end=\"2291\">\n<p class=\"\" data-start=\"2274\" data-end=\"2291\">\u1ed0ng tho\u00e1t: \u00d8150<\/p>\n<\/li>\n<li class=\"\" data-start=\"2292\" data-end=\"2317\">\n<p class=\"\" data-start=\"2294\" data-end=\"2317\">C\u00f4ng su\u1ea5t motor: 195W<\/p>\n<\/li>\n<li class=\"\" data-start=\"2318\" data-end=\"2345\">\n<p class=\"\" data-start=\"2320\" data-end=\"2345\">C\u00f4ng su\u1ea5t h\u00fat: 1400m\u00b3\/h<\/p>\n<\/li>\n<li class=\"\" data-start=\"2346\" data-end=\"2394\">\n<p class=\"\" data-start=\"2348\" data-end=\"2394\">\u0110\u1ed9 \u1ed3n: 46dBA (C\u00f4ng ngh\u1ec7 Ultra Swing si\u00eau \u00eam)<\/p>\n<\/li>\n<li class=\"\" data-start=\"2395\" data-end=\"2417\">\n<p class=\"\" data-start=\"2397\" data-end=\"2417\">\u0110i\u1ec7n \u00e1p: 220V\/50Hz<\/p>\n<\/li>\n<li class=\"\" data-start=\"2418\" data-end=\"2444\">\n<p class=\"\" data-start=\"2420\" data-end=\"2444\">K\u00edch th\u01b0\u1edbc: 700\/900 mm<\/p>\n<\/li>\n<\/ul>\n<p class=\"\" data-start=\"2446\" data-end=\"2469\"><strong data-start=\"2446\" data-end=\"2458\">Xu\u1ea5t x\u1ee9:<\/strong> Malaysia<\/p>\n","protected":false},"excerpt":{"rendered":"<p>Gi\u00e1 b\u00e1n: 8.550.000 \/ 9.550.000 VN\u0110 \u0110\u1eb7c t\u00ednh s\u1ea3n ph\u1ea9m: H\u00fat m\u00f9i ki\u1ec3u d\u00e1ng k\u00ednh cong Ch\u1ea5t li\u1ec7u k\u00ednh, inox cao c\u1ea5p M\u1eb7t k\u00ednh c\u01b0\u1eddng l\u1ef1c sang tr\u1ecdng \u0110i\u1ec1u khi\u1ec3n c\u1ea3m \u1ee9ng 3-6 t\u1ed1c \u0111\u1ed9 M\u00e0n h\u00ecnh LCD hi\u1ec3n th\u1ecb hi\u1ec7n \u0111\u1ea1i \u0110\u00e8n chi\u1ebfu s\u00e1ng LED 2*1.5W L\u01b0\u1edbi l\u1ecdc 15 l\u1edbp Inox Than ho\u1ea1t t\u00ednh&#8230;<\/p>\n","protected":false},"featured_media":548,"comment_status":"open","ping_status":"closed","template":"","meta":[],"product_brand":[],"product_cat":[38],"product_tag":[],"class_list":{"0":"post-547","1":"product","2":"type-product","3":"status-publish","4":"has-post-thumbnail","6":"product_cat-hut-mui","8":"first","9":"instock","10":"shipping-taxable","11":"product-type-external"},"_links":{"self":[{"href":"https:\/\/store3.k-tech-services.com\/nhabep82\/wp-json\/wp\/v2\/product\/547","targetHints":{"allow":["GET"]}}],"collection":[{"href":"https:\/\/store3.k-tech-services.com\/nhabep82\/wp-json\/wp\/v2\/product"}],"about":[{"href":"https:\/\/store3.k-tech-services.com\/nhabep82\/wp-json\/wp\/v2\/types\/product"}],"replies":[{"embeddable":true,"href":"https:\/\/store3.k-tech-services.com\/nhabep82\/wp-json\/wp\/v2\/comments?post=547"}],"wp:featuredmedia":[{"embeddable":true,"href":"https:\/\/store3.k-tech-services.com\/nhabep82\/wp-json\/wp\/v2\/media\/548"}],"wp:attachment":[{"href":"https:\/\/store3.k-tech-services.com\/nhabep82\/wp-json\/wp\/v2\/media?parent=547"}],"wp:term":[{"taxonomy":"product_brand","embeddable":true,"href":"https:\/\/store3.k-tech-services.com\/nhabep82\/wp-json\/wp\/v2\/product_brand?post=547"},{"taxonomy":"product_cat","embeddable":true,"href":"https:\/\/store3.k-tech-services.com\/nhabep82\/wp-json\/wp\/v2\/product_cat?post=547"},{"taxonomy":"product_tag","embeddable":true,"href":"https:\/\/store3.k-tech-services.com\/nhabep82\/wp-json\/wp\/v2\/product_tag?post=547"}],"curies":[{"name":"wp","href":"https:\/\/api.w.org\/{rel}","templated":true}]}}