{"id":368,"date":"2025-04-14T15:35:37","date_gmt":"2025-04-14T15:35:37","guid":{"rendered":"https:\/\/ktech2.k-tech-services.com\/nhabep82\/?post_type=product&#038;p=368"},"modified":"2025-04-14T15:42:46","modified_gmt":"2025-04-14T15:42:46","slug":"di-806geo2","status":"publish","type":"product","link":"https:\/\/store3.k-tech-services.com\/nhabep82\/san-pham\/di-806geo2\/","title":{"rendered":"DI-806GEO2"},"content":{"rendered":"<h3 class=\"\" data-start=\"175\" data-end=\"200\"><strong data-start=\"179\" data-end=\"200\">TH\u00d4NG S\u1ed0 K\u1ef8 THU\u1eacT<\/strong><\/h3>\n<ul data-start=\"201\" data-end=\"398\">\n<li class=\"\" data-start=\"201\" data-end=\"226\">\n<p class=\"\" data-start=\"203\" data-end=\"226\"><strong data-start=\"203\" data-end=\"215\">\u0110i\u1ec7n \u00e1p:<\/strong> 220\/50Hz<\/p>\n<\/li>\n<li class=\"\" data-start=\"227\" data-end=\"267\">\n<p class=\"\" data-start=\"229\" data-end=\"267\"><strong data-start=\"229\" data-end=\"238\">Ph\u1ea3i:<\/strong> 2300W \u2013 <strong data-start=\"247\" data-end=\"259\">booster:<\/strong> 3700W<\/p>\n<\/li>\n<li class=\"\" data-start=\"268\" data-end=\"308\">\n<p class=\"\" data-start=\"270\" data-end=\"308\"><strong data-start=\"270\" data-end=\"279\">Tr\u00e1i:<\/strong> 2300W \u2013 <strong data-start=\"288\" data-end=\"300\">booster:<\/strong> 3700W<\/p>\n<\/li>\n<li class=\"\" data-start=\"309\" data-end=\"357\">\n<p class=\"\" data-start=\"311\" data-end=\"357\"><strong data-start=\"311\" data-end=\"338\">K\u00edch th\u01b0\u1edbc (D x R x C):<\/strong> 750 x 450 x 60mm<\/p>\n<\/li>\n<li class=\"\" data-start=\"358\" data-end=\"398\">\n<p class=\"\" data-start=\"360\" data-end=\"398\"><strong data-start=\"360\" data-end=\"384\">K\u00edch th\u01b0\u1edbc kho\u00e9t l\u1ed7:<\/strong> 685 x 385mm<\/p>\n<\/li>\n<\/ul>\n<hr class=\"\" data-start=\"400\" data-end=\"403\" \/>\n<h3 class=\"\" data-start=\"405\" data-end=\"431\"><strong data-start=\"409\" data-end=\"431\">T\u00cdNH N\u0102NG S\u1ea2N PH\u1ea8M<\/strong><\/h3>\n<ul data-start=\"432\" data-end=\"837\">\n<li class=\"\" data-start=\"432\" data-end=\"480\">\n<p class=\"\" data-start=\"434\" data-end=\"480\">S\u1eed d\u1ee5ng 100% linh ki\u1ec7n EGO &#8211; Made in Germany<\/p>\n<\/li>\n<li class=\"\" data-start=\"481\" data-end=\"533\">\n<p class=\"\" data-start=\"483\" data-end=\"533\">M\u1eb7t k\u00ednh Schott Ceran v\u00e1t c\u1ea1nh &#8211; Made in Germany<\/p>\n<\/li>\n<li class=\"\" data-start=\"534\" data-end=\"590\">\n<p class=\"\" data-start=\"536\" data-end=\"590\">C\u00f4ng ngh\u1ec7 G5 Smart Inverter, ti\u1ebft ki\u1ec7m 38% \u0111i\u1ec7n n\u0103ng<\/p>\n<\/li>\n<li class=\"\" data-start=\"591\" data-end=\"641\">\n<p class=\"\" data-start=\"593\" data-end=\"641\">T\u00ednh n\u0103ng n\u1ea5u t\u0103ng nhi\u1ec7t nhanh Heating up time<\/p>\n<\/li>\n<li class=\"\" data-start=\"642\" data-end=\"684\">\n<p class=\"\" data-start=\"644\" data-end=\"684\">Ph\u00edm \u0111i\u1ec1u khi\u1ec3n Slider 9 m\u1ee9c c\u00f4ng su\u1ea5t<\/p>\n<\/li>\n<li class=\"\" data-start=\"685\" data-end=\"734\">\n<p class=\"\" data-start=\"687\" data-end=\"734\">H\u00e2m n\u00f3ng th\u1ee9c \u0103n Warming \u1edf nhi\u1ec7t \u0111\u1ed9 th\u00edch h\u1ee3p<\/p>\n<\/li>\n<li class=\"\" data-start=\"735\" data-end=\"781\">\n<p class=\"\" data-start=\"737\" data-end=\"781\">V\u00f9ng n\u1ea5u t\u1eeb t\u1ef1 nh\u1eadn bi\u1ebft k\u00edch c\u1ee1 xoong n\u1ed3i<\/p>\n<\/li>\n<li class=\"\" data-start=\"782\" data-end=\"837\">\n<p class=\"\" data-start=\"784\" data-end=\"837\">H\u1eb9n gi\u1edd \u0111\u1ed9c l\u1eadp cho t\u1eebng v\u00f9ng n\u1ea5u \u0111\u1ebfn 1 gi\u1edd 59 ph\u00fat<\/p>\n<\/li>\n<\/ul>\n<hr class=\"\" data-start=\"839\" data-end=\"842\" \/>\n<h3 class=\"\" data-start=\"844\" data-end=\"869\"><strong data-start=\"848\" data-end=\"869\">T\u00cdNH N\u0102NG AN TO\u00c0N<\/strong><\/h3>\n<ul data-start=\"870\" data-end=\"1242\">\n<li class=\"\" data-start=\"870\" data-end=\"918\">\n<p class=\"\" data-start=\"872\" data-end=\"918\">C\u1ea3nh b\u00e1o nhi\u1ec7t d\u01b0 v\u00f9ng n\u1ea5u Residual heat (H)<\/p>\n<\/li>\n<li class=\"\" data-start=\"919\" data-end=\"969\">\n<p class=\"\" data-start=\"921\" data-end=\"969\">T\u1ef1 \u0111\u1ed9ng t\u1eaft b\u1ebfp khi kh\u00f4ng c\u00f3 n\u1ed3i Pot Detection<\/p>\n<\/li>\n<li class=\"\" data-start=\"970\" data-end=\"1026\">\n<p class=\"\" data-start=\"972\" data-end=\"1026\">T\u1ef1 \u0111\u1ed9ng t\u1eaft b\u1ebfp khi \u0111\u1ec3 qu\u00ean <strong data-start=\"1000\" data-end=\"1024\">Automatic switch off<\/strong><\/p>\n<\/li>\n<li class=\"\" data-start=\"1027\" data-end=\"1094\">\n<p class=\"\" data-start=\"1029\" data-end=\"1094\">H\u1ec7 th\u1ed1ng t\u1ef1 t\u1eaft khi qu\u00e1 \u00e1p, qu\u00e1 nhi\u1ec7t <strong data-start=\"1067\" data-end=\"1092\">Over heating shut off<\/strong><\/p>\n<\/li>\n<li class=\"\" data-start=\"1095\" data-end=\"1127\">\n<p class=\"\" data-start=\"1097\" data-end=\"1127\">Ch\u1ee9c n\u0103ng t\u1ea1m d\u1eebng <strong data-start=\"1116\" data-end=\"1125\">Pause<\/strong><\/p>\n<\/li>\n<li class=\"\" data-start=\"1128\" data-end=\"1203\">\n<p class=\"\" data-start=\"1130\" data-end=\"1203\">Ch\u1ee9c n\u0103ng c\u1ea3m bi\u1ebfn ch\u1ed1ng tr\u00e0o n\u01b0\u1edbc t\u1ef1 \u0111\u1ed9ng ng\u1eaft <strong data-start=\"1178\" data-end=\"1201\">Auto water shut off<\/strong><\/p>\n<\/li>\n<li class=\"\" data-start=\"1204\" data-end=\"1242\">\n<p class=\"\" data-start=\"1206\" data-end=\"1242\">Kh\u00f3a an to\u00e0n tr\u1ebb em <strong data-start=\"1226\" data-end=\"1240\">Child Lock<\/strong><\/p>\n<\/li>\n<\/ul>\n","protected":false},"excerpt":{"rendered":"<p>TH\u00d4NG S\u1ed0 K\u1ef8 THU\u1eacT \u0110i\u1ec7n \u00e1p: 220\/50Hz Ph\u1ea3i: 2300W \u2013 booster: 3700W Tr\u00e1i: 2300W \u2013 booster: 3700W K\u00edch th\u01b0\u1edbc (D x R x C): 750 x 450 x 60mm K\u00edch th\u01b0\u1edbc kho\u00e9t l\u1ed7: 685 x 385mm T\u00cdNH N\u0102NG S\u1ea2N PH\u1ea8M S\u1eed d\u1ee5ng 100% linh ki\u1ec7n EGO &#8211; Made in Germany M\u1eb7t k\u00ednh Schott Ceran v\u00e1t&#8230;<\/p>\n","protected":false},"featured_media":372,"comment_status":"open","ping_status":"closed","template":"","meta":[],"product_brand":[],"product_cat":[31],"product_tag":[],"class_list":{"0":"post-368","1":"product","2":"type-product","3":"status-publish","4":"has-post-thumbnail","6":"product_cat-bep-tu","8":"first","9":"instock","10":"shipping-taxable","11":"purchasable","12":"product-type-simple"},"_links":{"self":[{"href":"https:\/\/store3.k-tech-services.com\/nhabep82\/wp-json\/wp\/v2\/product\/368","targetHints":{"allow":["GET"]}}],"collection":[{"href":"https:\/\/store3.k-tech-services.com\/nhabep82\/wp-json\/wp\/v2\/product"}],"about":[{"href":"https:\/\/store3.k-tech-services.com\/nhabep82\/wp-json\/wp\/v2\/types\/product"}],"replies":[{"embeddable":true,"href":"https:\/\/store3.k-tech-services.com\/nhabep82\/wp-json\/wp\/v2\/comments?post=368"}],"wp:featuredmedia":[{"embeddable":true,"href":"https:\/\/store3.k-tech-services.com\/nhabep82\/wp-json\/wp\/v2\/media\/372"}],"wp:attachment":[{"href":"https:\/\/store3.k-tech-services.com\/nhabep82\/wp-json\/wp\/v2\/media?parent=368"}],"wp:term":[{"taxonomy":"product_brand","embeddable":true,"href":"https:\/\/store3.k-tech-services.com\/nhabep82\/wp-json\/wp\/v2\/product_brand?post=368"},{"taxonomy":"product_cat","embeddable":true,"href":"https:\/\/store3.k-tech-services.com\/nhabep82\/wp-json\/wp\/v2\/product_cat?post=368"},{"taxonomy":"product_tag","embeddable":true,"href":"https:\/\/store3.k-tech-services.com\/nhabep82\/wp-json\/wp\/v2\/product_tag?post=368"}],"curies":[{"name":"wp","href":"https:\/\/api.w.org\/{rel}","templated":true}]}}