{"id":5,"date":"2024-12-12T15:05:03","date_gmt":"2024-12-12T15:05:03","guid":{"rendered":"http:\/\/localhost\/du-hoc\/?page_id=5"},"modified":"2025-03-18T08:23:25","modified_gmt":"2025-03-18T08:23:25","slug":"trang-chu","status":"publish","type":"page","link":"https:\/\/store3.k-tech-services.com\/duhoc\/","title":{"rendered":"Trang ch\u1ee7"},"content":{"rendered":"\n\n\t<section class=\"section pt-0\" id=\"section_950336433\">\n\t\t<div class=\"section-bg fill\" >\n\t\t\t\t\t\t\t\t\t\n\t\t\t\n\n\t\t<\/div>\n\n\t\t\n\n\t\t<div class=\"section-content relative\">\n\t\t\t\n<div class=\"slider-wrapper relative\" id=\"slider-1456494649\" >\n    <div class=\"slider slider-nav-circle slider-nav-large slider-nav-light slider-style-normal\"\n        data-flickity-options='{\n            \"cellAlign\": \"center\",\n            \"imagesLoaded\": true,\n            \"lazyLoad\": 1,\n            \"freeScroll\": false,\n            \"wrapAround\": true,\n            \"autoPlay\": 6000,\n            \"pauseAutoPlayOnHover\" : true,\n            \"prevNextButtons\": true,\n            \"contain\" : true,\n            \"adaptiveHeight\" : true,\n            \"dragThreshold\" : 10,\n            \"percentPosition\": true,\n            \"pageDots\": true,\n            \"rightToLeft\": false,\n            \"draggable\": true,\n            \"selectedAttraction\": 0.1,\n            \"parallax\" : 0,\n            \"friction\": 0.6        }'\n        >\n        \n\t<div class=\"img has-hover x md-x lg-x y md-y lg-y\" id=\"image_88238521\">\n\t\t\t\t\t\t\t\t<div class=\"img-inner dark\" >\n\t\t\t<img loading=\"lazy\" decoding=\"async\" width=\"2560\" height=\"1059\" src=\"https:\/\/store3.k-tech-services.com\/duhoc\/wp-content\/uploads\/2024\/12\/web-scaled.jpg\" class=\"attachment-original size-original\" alt=\"\" srcset=\"https:\/\/store3.k-tech-services.com\/duhoc\/wp-content\/uploads\/2024\/12\/web-scaled.jpg 2560w, https:\/\/store3.k-tech-services.com\/duhoc\/wp-content\/uploads\/2024\/12\/web-300x124.jpg 300w, https:\/\/store3.k-tech-services.com\/duhoc\/wp-content\/uploads\/2024\/12\/web-1024x424.jpg 1024w, https:\/\/store3.k-tech-services.com\/duhoc\/wp-content\/uploads\/2024\/12\/web-768x318.jpg 768w, https:\/\/store3.k-tech-services.com\/duhoc\/wp-content\/uploads\/2024\/12\/web-1536x635.jpg 1536w, https:\/\/store3.k-tech-services.com\/duhoc\/wp-content\/uploads\/2024\/12\/web-2048x847.jpg 2048w\" sizes=\"auto, (max-width: 2560px) 100vw, 2560px\" \/>\t\t\t\t\t\t\n\t\t\t\t\t<\/div>\n\t\t\t\t\t\t\t\t\n<style>\n#image_88238521 {\n  width: 100%;\n}\n<\/style>\n\t<\/div>\n\t\n     <\/div>\n\n     <div class=\"loading-spin dark large centered\"><\/div>\n\n\t<\/div>\n\n\n\t\t<\/div>\n\n\t\t\n<style>\n#section_950336433 {\n  padding-top: 30px;\n  padding-bottom: 30px;\n}\n<\/style>\n\t<\/section>\n\t\n\n\t<section class=\"section dark\" id=\"section_1316093266\">\n\t\t<div class=\"section-bg fill\" >\n\t\t\t\t\t\t\t\t\t\n\t\t\t\n\n\t\t<\/div>\n\n\t\t\n\n\t\t<div class=\"section-content relative\">\n\t\t\t\n<div class=\"row row-small row-box-shadow-1 row-box-shadow-2-hover\"  id=\"row-967884078\">\n\n\t<div id=\"col-271404689\" class=\"col medium-3 small-12 large-3\"  >\n\t\t\t\t<div class=\"col-inner\"  >\n\t\t\t\n\t\t\t\n\n\t\t<div class=\"icon-box featured-box icon-box-center text-center\"  >\n\t\t\t\t<div class=\"icon-box-text last-reset\">\n\t\t\t\t\t\t\t\t\t\n\t<div id=\"text-1875577128\" class=\"text\">\n\t\t\n<h3><span class=\"count-up\">100<\/span>%<\/h3>\n<p>\u0110\u1ed9i ng\u0169 c\u1ed1 v\u1ea5n t\u1ed1t nghi\u1ec7p tr\u01b0\u1eddng top th\u1ebf gi\u1edbi<\/p>\n\t\t\n<style>\n#text-1875577128 {\n  color: #228b22;\n}\n#text-1875577128 > * {\n  color: #228b22;\n}\n<\/style>\n\t<\/div>\n\t\n\t\t<\/div>\n\t<\/div>\n\t\n\t\n\t\t<\/div>\n\t\t\t\t\t<\/div>\n\n\t\n\n\t<div id=\"col-1963747768\" class=\"col medium-3 small-12 large-3\"  >\n\t\t\t\t<div class=\"col-inner\"  >\n\t\t\t\n\t\t\t\n\n\t\t<div class=\"icon-box featured-box icon-box-center text-center\"  >\n\t\t\t\t<div class=\"icon-box-text last-reset\">\n\t\t\t\t\t\t\t\t\t\n\t<div id=\"text-4145928327\" class=\"text\">\n\t\t\n<h3><span class=\"count-up\">100<\/span>%<\/h3>\n<p>Tr\u00fang tuy\u1ec3n v\u00e0o Top 50 \u0111\u1ea1i h\u1ecdc M\u1ef9<\/p>\n\t\t\n<style>\n#text-4145928327 {\n  color: #228b22;\n}\n#text-4145928327 > * {\n  color: #228b22;\n}\n<\/style>\n\t<\/div>\n\t\n\t\t<\/div>\n\t<\/div>\n\t\n\t\n\t\t<\/div>\n\t\t\t\t\t<\/div>\n\n\t\n\n\t<div id=\"col-1006895965\" class=\"col medium-3 small-12 large-3\"  >\n\t\t\t\t<div class=\"col-inner\"  >\n\t\t\t\n\t\t\t\n\n\t\t<div class=\"icon-box featured-box icon-box-center text-center\"  >\n\t\t\t\t<div class=\"icon-box-text last-reset\">\n\t\t\t\t\t\t\t\t\t\n\t<div id=\"text-3926316593\" class=\"text\">\n\t\t\n<h3><span class=\"count-up\">25<\/span> tri\u1ec7u USD<\/h3>\n<p>T\u1ed5ng gi\u00e1 tr\u1ecb h\u1ecdc b\u1ed5ng v\u00e0 h\u1ed7 tr\u1ee3 t\u00e0i ch\u00ednh<\/p>\n\t\t\n<style>\n#text-3926316593 {\n  color: #228b22;\n}\n#text-3926316593 > * {\n  color: #228b22;\n}\n<\/style>\n\t<\/div>\n\t\n\t\t<\/div>\n\t<\/div>\n\t\n\t\n\t\t<\/div>\n\t\t\t\t\t<\/div>\n\n\t\n\n\t<div id=\"col-420803373\" class=\"col medium-3 small-12 large-3\"  >\n\t\t\t\t<div class=\"col-inner\"  >\n\t\t\t\n\t\t\t\n\n\t\t<div class=\"icon-box featured-box icon-box-center text-center\"  >\n\t\t\t\t<div class=\"icon-box-text last-reset\">\n\t\t\t\t\t\t\t\t\t\n\t<div id=\"text-2726376327\" class=\"text\">\n\t\t\n<h3><span class=\"count-up\">90<\/span>%<\/h3>\n<p>H\u1ecdc sinh \u0111\u1ed7 Top 5 Dream schools<\/p>\n\t\t\n<style>\n#text-2726376327 {\n  color: #228b22;\n}\n#text-2726376327 > * {\n  color: #228b22;\n}\n<\/style>\n\t<\/div>\n\t\n\t\t<\/div>\n\t<\/div>\n\t\n\t\n\t\t<\/div>\n\t\t\t\t\t<\/div>\n\n\t\n\n<style>\n#row-967884078 > .col > .col-inner {\n  padding: 10px 10px 10px 10px;\n  border-radius: 5px;\n}\n<\/style>\n<\/div>\n\t\t<\/div>\n\n\t\t\n<style>\n#section_1316093266 {\n  padding-top: 30px;\n  padding-bottom: 30px;\n  background-color: rgba(0, 0, 0, 0);\n}\n<\/style>\n\t<\/section>\n\t\n\n\t<section class=\"section\" id=\"section_1021349671\">\n\t\t<div class=\"section-bg fill\" >\n\t\t\t<img loading=\"lazy\" decoding=\"async\" width=\"3192\" height=\"1458\" src=\"https:\/\/store3.k-tech-services.com\/duhoc\/wp-content\/uploads\/2024\/12\/Mask-group-4.png\" class=\"bg attachment- size-\" alt=\"\" \/>\t\t\t\t\t\t\n\t\t\t\n\n\t\t<\/div>\n\n\t\t\n\n\t\t<div class=\"section-content relative\">\n\t\t\t\n\t<div id=\"gap-21848559\" class=\"gap-element clearfix\" style=\"display:block; height:auto;\">\n\t\t\n<style>\n#gap-21848559 {\n  padding-top: 50px;\n}\n<\/style>\n\t<\/div>\n\t\n\t<div id=\"text-173389306\" class=\"text\">\n\t\t\n<h2>TH\u00c0NH T\u00cdCH CLASS OF 2028<\/p>\n<h2>\n\t\t\n<style>\n#text-173389306 {\n  line-height: 2.05;\n  text-align: center;\n  color: #228b22;\n}\n#text-173389306 > * {\n  color: #228b22;\n}\n<\/style>\n\t<\/div>\n\t\n<div class=\"row\"  id=\"row-1641003761\">\n\n\t<div id=\"col-1159158567\" class=\"col small-12 large-12\"  >\n\t\t\t\t<div class=\"col-inner\"  >\n\t\t\t\n\t\t\t\n\t<div class=\"img has-hover x md-x lg-x y md-y lg-y\" id=\"image_1520200828\">\n\t\t\t\t\t\t\t\t<div class=\"img-inner dark\" >\n\t\t\t<img loading=\"lazy\" decoding=\"async\" width=\"1200\" height=\"800\" src=\"https:\/\/store3.k-tech-services.com\/duhoc\/wp-content\/uploads\/2024\/12\/us-map-2024_Mesa-de-trabajo-1_Mesa-de-trabajo-1-1200x800-2.png\" class=\"attachment-original size-original\" alt=\"\" srcset=\"https:\/\/store3.k-tech-services.com\/duhoc\/wp-content\/uploads\/2024\/12\/us-map-2024_Mesa-de-trabajo-1_Mesa-de-trabajo-1-1200x800-2.png 1200w, https:\/\/store3.k-tech-services.com\/duhoc\/wp-content\/uploads\/2024\/12\/us-map-2024_Mesa-de-trabajo-1_Mesa-de-trabajo-1-1200x800-2-300x200.png 300w, https:\/\/store3.k-tech-services.com\/duhoc\/wp-content\/uploads\/2024\/12\/us-map-2024_Mesa-de-trabajo-1_Mesa-de-trabajo-1-1200x800-2-1024x683.png 1024w, https:\/\/store3.k-tech-services.com\/duhoc\/wp-content\/uploads\/2024\/12\/us-map-2024_Mesa-de-trabajo-1_Mesa-de-trabajo-1-1200x800-2-768x512.png 768w\" sizes=\"auto, (max-width: 1200px) 100vw, 1200px\" \/>\t\t\t\t\t\t\n\t\t\t\t\t<\/div>\n\t\t\t\t\t\t\t\t\n<style>\n#image_1520200828 {\n  width: 100%;\n}\n<\/style>\n\t<\/div>\n\t\n\t\t<\/div>\n\t\t\t\t\t<\/div>\n\n\t\n<\/div>\n\t\t<\/div>\n\n\t\t\n<style>\n#section_1021349671 {\n  padding-top: 30px;\n  padding-bottom: 30px;\n}\n<\/style>\n\t<\/section>\n\t\n\t<div id=\"gap-397148817\" class=\"gap-element clearfix\" style=\"display:block; height:auto;\">\n\t\t\n<style>\n#gap-397148817 {\n  padding-top: 30px;\n}\n<\/style>\n\t<\/div>\n\t\n\n\n\t<section class=\"section\" id=\"section_69648952\">\n\t\t<div class=\"section-bg fill\" >\n\t\t\t<img loading=\"lazy\" decoding=\"async\" width=\"3192\" height=\"1458\" src=\"https:\/\/store3.k-tech-services.com\/duhoc\/wp-content\/uploads\/2024\/12\/Mask-group-4-1.png\" class=\"bg attachment- size-\" alt=\"\" \/>\t\t\t\t\t\t<div class=\"section-bg-overlay absolute fill\"><\/div>\n\t\t\t\n\n\t\t<\/div>\n\n\t\t\n\n\t\t<div class=\"section-content relative\">\n\t\t\t\n\t<div id=\"gap-1628933451\" class=\"gap-element clearfix show-for-small\" style=\"display:block; height:auto;\">\n\t\t\n<style>\n#gap-1628933451 {\n  padding-top: 50px;\n}\n@media (min-width:550px) {\n  #gap-1628933451 {\n    padding-top: 30px;\n  }\n}\n<\/style>\n\t<\/div>\n\t\n\t<div id=\"gap-1109352901\" class=\"gap-element clearfix\" style=\"display:block; height:auto;\">\n\t\t\n<style>\n#gap-1109352901 {\n  padding-top: 30px;\n}\n<\/style>\n\t<\/div>\n\t\n\t<div id=\"text-3639854981\" class=\"text\">\n\t\t\n<h2><strong>C\u00c2U CHUY\u1ec6N TH\u00c0NH C\u00d4NG<\/strong><\/h2>\n\t\t\n<style>\n#text-3639854981 {\n  line-height: 2.05;\n  text-align: center;\n  color: rgb(255,255,255);\n}\n#text-3639854981 > * {\n  color: rgb(255,255,255);\n}\n<\/style>\n\t<\/div>\n\t\n\t<div id=\"gap-2100429831\" class=\"gap-element clearfix\" style=\"display:block; height:auto;\">\n\t\t\n<style>\n#gap-2100429831 {\n  padding-top: 30px;\n}\n<\/style>\n\t<\/div>\n\t\n<div class=\"row\"  id=\"row-788799966\">\n\n\t<div id=\"col-2072384119\" class=\"col medium-3 small-12 large-3\"  >\n\t\t\t\t<div class=\"col-inner\"  >\n\t\t\t\n\t\t\t\n  <div class=\"icon-box testimonial-box icon-box-center c-story-success2 text-center\">\n                <div class=\"icon-box-img testimonial-image circle\" style=\"width: 100px\">\n              <img loading=\"lazy\" decoding=\"async\" width=\"150\" height=\"150\" src=\"https:\/\/store3.k-tech-services.com\/duhoc\/wp-content\/uploads\/2025\/01\/1-150x150.png\" class=\"attachment-thumbnail size-thumbnail\" alt=\"\" \/>        <\/div>\n                <div class=\"icon-box-text p-last-0\">\n            \t\t\t\t<div class=\"testimonial-text line-height-small italic test_text first-reset last-reset is-italic\">\n            \n\t<div id=\"text-589731557\" class=\"text\">\n\t\t\n<h3>Nguy\u1ec5n Th\u1ee5c Nghi<\/h3>\n<h4>H\u1ecdc b\u1ed5ng 4 t\u1ef7 Dickinson College<\/h4>\n<p><span style=\"font-size: 80%;\">Su\u1ed1t kho\u1ea3ng th\u1eddi gian apply college ch\u1ecb tr\u00e2m \u0111\u00e3 gi\u00fap \u0111\u1ee1 em r\u1ea5t nhi\u1ec1u, t\u1eeb chu\u1ea9n b\u1ecb essay k\u1ef9 c\u00e0ng cho t\u1edbi ch\u1ecdn tr\u01b0\u1eddng nh\u01b0 n\u00e0o cho ph\u00f9 h\u1ee3p&#8230;.<\/span><\/p>\n\t\t\n<style>\n#text-589731557 {\n  line-height: 1.85;\n}\n<\/style>\n\t<\/div>\n\t\n          <\/div>\n          <div class=\"testimonial-meta pt-half\">\n             <strong class=\"testimonial-name test_name\"><\/strong>\n                          <span class=\"testimonial-company test_company\"><\/span>\n          <\/div>\n        <\/div>\n  <\/div>\n\n  \n\t\t<\/div>\n\t\t\t\t\t<\/div>\n\n\t\n\n\t<div id=\"col-1157715435\" class=\"col medium-3 small-12 large-3\"  >\n\t\t\t\t<div class=\"col-inner\"  >\n\t\t\t\n\t\t\t\n  <div class=\"icon-box testimonial-box icon-box-center c-story-success2 text-center\">\n                <div class=\"icon-box-img testimonial-image circle\" style=\"width: 100px\">\n              <img loading=\"lazy\" decoding=\"async\" width=\"150\" height=\"150\" src=\"https:\/\/store3.k-tech-services.com\/duhoc\/wp-content\/uploads\/2025\/01\/2-150x150.png\" class=\"attachment-thumbnail size-thumbnail\" alt=\"\" \/>        <\/div>\n                <div class=\"icon-box-text p-last-0\">\n            \t\t\t\t<div class=\"testimonial-text line-height-small italic test_text first-reset last-reset is-italic\">\n            \n\t<div id=\"text-1051967895\" class=\"text\">\n\t\t\n<h3>Nguy\u1ec5n Minh Th\u01b0<\/h3>\n<h4>University of South Florida<\/h4>\n<p><span style=\"font-size: 80%;\">Ch\u1ecb Tr\u00e2m kh\u00f4ng ch\u1ec9 l\u00e0 m\u1ed9t c\u1ed1 v\u1ea5n du h\u1ecdc &#8211; ch\u1ecb c\u00f2n l\u00e0 ng\u01b0\u1eddi \u0111\u1ecbnh h\u01b0\u1edbng \u0111\u00e1ng qu\u00fd \u0111\u00e3 d\u1eabn l\u1ed1i cho em trong su\u1ed1t h\u00e0nh tr\u00ecnh chinh ph\u1ee5c \u01b0\u1edbc m\u01a1 du h\u1ecdc M\u1ef9. Nh\u1eefng ng\u00e0y \u0111\u1ea7u ti\u00ean c\u00f2n b\u1ee1 ng\u1ee1&#8230;<\/span><\/p>\n\t\t\n<style>\n#text-1051967895 {\n  line-height: 1.85;\n}\n<\/style>\n\t<\/div>\n\t\n          <\/div>\n          <div class=\"testimonial-meta pt-half\">\n             <strong class=\"testimonial-name test_name\"><\/strong>\n                          <span class=\"testimonial-company test_company\"><\/span>\n          <\/div>\n        <\/div>\n  <\/div>\n\n  \n\t\t<\/div>\n\t\t\t\t\t<\/div>\n\n\t\n\n\t<div id=\"col-1225253800\" class=\"col medium-3 small-12 large-3\"  >\n\t\t\t\t<div class=\"col-inner\"  >\n\t\t\t\n\t\t\t\n  <div class=\"icon-box testimonial-box icon-box-center c-story-success2 text-center\">\n                <div class=\"icon-box-img testimonial-image circle\" style=\"width: 100px\">\n              <img loading=\"lazy\" decoding=\"async\" width=\"150\" height=\"150\" src=\"https:\/\/store3.k-tech-services.com\/duhoc\/wp-content\/uploads\/2025\/01\/3-150x150.png\" class=\"attachment-thumbnail size-thumbnail\" alt=\"\" srcset=\"https:\/\/store3.k-tech-services.com\/duhoc\/wp-content\/uploads\/2025\/01\/3-150x150.png 150w, https:\/\/store3.k-tech-services.com\/duhoc\/wp-content\/uploads\/2025\/01\/3-300x300.png 300w, https:\/\/store3.k-tech-services.com\/duhoc\/wp-content\/uploads\/2025\/01\/3-1024x1024.png 1024w, https:\/\/store3.k-tech-services.com\/duhoc\/wp-content\/uploads\/2025\/01\/3-768x768.png 768w, https:\/\/store3.k-tech-services.com\/duhoc\/wp-content\/uploads\/2025\/01\/3.png 1080w\" sizes=\"auto, (max-width: 150px) 100vw, 150px\" \/>        <\/div>\n                <div class=\"icon-box-text p-last-0\">\n            \t\t\t\t<div class=\"testimonial-text line-height-small italic test_text first-reset last-reset is-italic\">\n            \n\t<div id=\"text-593571172\" class=\"text\">\n\t\t\n<h3>L\u00ea Qu\u1ef3nh Anh<\/h3>\n<h4>University of Sydney<\/h4>\n<p><span style=\"font-size: 80%;\">M\u00ecnh \u0111\u00e3 c\u00f3 c\u01a1 h\u1ed9i \u0111\u01b0\u1ee3c l\u00e0m vi\u1ec7c chung v\u00e0 \u0111\u01b0\u1ee3c ch\u1ecb Tr\u00e2m t\u01b0 v\u1ea5n kho\u1ea3ng \u0111\u1ea7u n\u0103m l\u1edbp 12 \u0111\u1ec3 chu\u1ea9n b\u1ecb cho qu\u00e1 tr\u00ecnh n\u1ed9p h\u1ed3 s\u01a1 \u0111\u1ea1i h\u1ecdc. Ch\u1ecb \u1ea5y kh\u00f4ng ch\u1ec9 t\u01b0 v\u1ea5n r\u1ea5t t\u1eadn t\u00e2m&#8230;.<\/span><\/p>\n\t\t\n<style>\n#text-593571172 {\n  line-height: 1.85;\n}\n<\/style>\n\t<\/div>\n\t\n          <\/div>\n          <div class=\"testimonial-meta pt-half\">\n             <strong class=\"testimonial-name test_name\"><\/strong>\n                          <span class=\"testimonial-company test_company\"><\/span>\n          <\/div>\n        <\/div>\n  <\/div>\n\n  \n\t\t<\/div>\n\t\t\t\t\t<\/div>\n\n\t\n\n\t<div id=\"col-16646017\" class=\"col medium-3 small-12 large-3\"  >\n\t\t\t\t<div class=\"col-inner\"  >\n\t\t\t\n\t\t\t\n  <div class=\"icon-box testimonial-box icon-box-center c-story-success2 text-center\">\n                <div class=\"icon-box-img testimonial-image circle\" style=\"width: 100px\">\n              <img loading=\"lazy\" decoding=\"async\" width=\"150\" height=\"150\" src=\"https:\/\/store3.k-tech-services.com\/duhoc\/wp-content\/uploads\/2025\/01\/4-150x150.png\" class=\"attachment-thumbnail size-thumbnail\" alt=\"\" \/>        <\/div>\n                <div class=\"icon-box-text p-last-0\">\n            \t\t\t\t<div class=\"testimonial-text line-height-small italic test_text first-reset last-reset is-italic\">\n            \n\t<div id=\"text-2845699408\" class=\"text\">\n\t\t\n<h3>Emily Tran<\/h3>\n<h4>Boston University<\/h4>\n<p><span style=\"font-size: 80%;\">Ms. Tram is an amazing teacher and mentor! She was incredibly patient and always encouraged me to excel. Learning from her was so enjoyable and she provided great support&#8230;.<\/span><\/p>\n\t\t\n<style>\n#text-2845699408 {\n  line-height: 1.85;\n}\n<\/style>\n\t<\/div>\n\t\n          <\/div>\n          <div class=\"testimonial-meta pt-half\">\n             <strong class=\"testimonial-name test_name\"><\/strong>\n                          <span class=\"testimonial-company test_company\"><\/span>\n          <\/div>\n        <\/div>\n  <\/div>\n\n  \n\t\t<\/div>\n\t\t\t\t\t<\/div>\n\n\t\n\n<style>\n#row-788799966 > .col > .col-inner {\n  padding: 0px 0px 0px 0px;\n  background-color: rgb(254, 244, 244);\n  border-radius: 5px;\n}\n<\/style>\n<\/div>\n\t\t<\/div>\n\n\t\t\n<style>\n#section_69648952 {\n  padding-top: 30px;\n  padding-bottom: 30px;\n}\n#section_69648952 .section-bg-overlay {\n  background-color: #228b22;\n}\n<\/style>\n\t<\/section>\n\t\n<div class=\"row\"  id=\"row-1951873424\">\n\n\t<div id=\"col-1957644019\" class=\"col small-12 large-12\"  >\n\t\t\t\t<div class=\"col-inner\"  >\n\t\t\t\n\t\t\t\n\t<div id=\"gap-1912793417\" class=\"gap-element clearfix\" style=\"display:block; height:auto;\">\n\t\t\n<style>\n#gap-1912793417 {\n  padding-top: 30px;\n}\n<\/style>\n\t<\/div>\n\t\n\t<div id=\"text-2770636216\" class=\"text\">\n\t\t\n<h1>\u0110\u1ed8I NG\u0168 AVELA EDUCATION<\/h1>\n<\/div>\n\t\t\n<style>\n#text-2770636216 {\n  line-height: 2.05;\n  text-align: center;\n  color: #228b22;\n}\n#text-2770636216 > * {\n  color: #228b22;\n}\n<\/style>\n\t<\/div>\n\t\n\t\t<\/div>\n\t\t\t\t\t<\/div>\n\n\t\n<\/div>\n\n\t<section class=\"section\" id=\"section_173985461\">\n\t\t<div class=\"section-bg fill\" >\n\t\t\t\t\t\t\t\t\t\n\t\t\t\n\n\t\t<\/div>\n\n\t\t\n\n\t\t<div class=\"section-content relative\">\n\t\t\t\n<div class=\"row\"  id=\"row-1906648301\">\n\n\t<div id=\"col-133155333\" class=\"col medium-3 small-6 large-3\"  >\n\t\t\t\t<div class=\"col-inner\"  >\n\t\t\t\n\t\t\t\n\n\t\t<div class=\"icon-box featured-box icon-box-center text-center\"  >\n\t\t\t\t\t<div class=\"icon-box-img\" style=\"width: 185px\">\n\t\t\t\t<div class=\"icon\">\n\t\t\t\t\t<div class=\"icon-inner\" >\n\t\t\t\t\t\t<img loading=\"lazy\" decoding=\"async\" width=\"300\" height=\"300\" src=\"https:\/\/store3.k-tech-services.com\/duhoc\/wp-content\/uploads\/2024\/12\/Mask-group-4-1-1-300x300.png\" class=\"attachment-medium size-medium\" alt=\"\" srcset=\"https:\/\/store3.k-tech-services.com\/duhoc\/wp-content\/uploads\/2024\/12\/Mask-group-4-1-1-300x300.png 300w, https:\/\/store3.k-tech-services.com\/duhoc\/wp-content\/uploads\/2024\/12\/Mask-group-4-1-1-150x150.png 150w, https:\/\/store3.k-tech-services.com\/duhoc\/wp-content\/uploads\/2024\/12\/Mask-group-4-1-1-768x768.png 768w, https:\/\/store3.k-tech-services.com\/duhoc\/wp-content\/uploads\/2024\/12\/Mask-group-4-1-1.png 793w\" sizes=\"auto, (max-width: 300px) 100vw, 300px\" \/>\t\t\t\t\t<\/div>\n\t\t\t\t<\/div>\n\t\t\t<\/div>\n\t\t\t\t<div class=\"icon-box-text last-reset\">\n\t\t\t\t\t\t\t\t\t\n\t<div id=\"gap-361258763\" class=\"gap-element clearfix\" style=\"display:block; height:auto;\">\n\t\t\n<style>\n#gap-361258763 {\n  padding-top: 30px;\n}\n<\/style>\n\t<\/div>\n\t\n<div class=\"row\"  id=\"row-1842523136\">\n\n\t<div id=\"col-1419195916\" class=\"col small-12 large-12\"  >\n\t\t\t\t<div class=\"col-inner\"  >\n\t\t\t\n\t\t\t\n<h3>T\u1ea1 Vi\u1ec7t T\u00fa<\/h3>\n<h4>Master \/ Ph.D Mentor<\/h4>\n<p>Anh T\u00fa \u0111\u00e3 th\u00e0nh c\u00f4ng d\u1eabn d\u1eaft h\u1ecdc sinh b\u1eadc Cao h\u1ecdc chinh ph\u1ee5c nh\u1eefng su\u1ea5t h\u1ecdc b\u1ed5ng to\u00e0n ph\u1ea7n t\u1eeb c\u00e1c tr\u01b0\u1eddng \u0111\u1ea1i h\u1ecdc h\u00e0ng \u0111\u1ea7u th\u1ebf gi\u1edbi.<\/p>\n\t\t<\/div>\n\t\t\t\t\t<\/div>\n\n\t\n<\/div>\n\t\t<\/div>\n\t<\/div>\n\t\n\t\n\t\t<\/div>\n\t\t\t\t\t<\/div>\n\n\t\n\n\t<div id=\"col-1234743890\" class=\"col medium-3 small-6 large-3\"  >\n\t\t\t\t<div class=\"col-inner\"  >\n\t\t\t\n\t\t\t\n\n\t\t<div class=\"icon-box featured-box icon-box-center text-center\"  >\n\t\t\t\t\t<div class=\"icon-box-img\" style=\"width: 185px\">\n\t\t\t\t<div class=\"icon\">\n\t\t\t\t\t<div class=\"icon-inner\" >\n\t\t\t\t\t\t<img loading=\"lazy\" decoding=\"async\" width=\"300\" height=\"300\" src=\"https:\/\/store3.k-tech-services.com\/duhoc\/wp-content\/uploads\/2024\/12\/Mask-group-2-1-300x300.png\" class=\"attachment-medium size-medium\" alt=\"\" srcset=\"https:\/\/store3.k-tech-services.com\/duhoc\/wp-content\/uploads\/2024\/12\/Mask-group-2-1-300x300.png 300w, https:\/\/store3.k-tech-services.com\/duhoc\/wp-content\/uploads\/2024\/12\/Mask-group-2-1-150x150.png 150w, https:\/\/store3.k-tech-services.com\/duhoc\/wp-content\/uploads\/2024\/12\/Mask-group-2-1-768x768.png 768w, https:\/\/store3.k-tech-services.com\/duhoc\/wp-content\/uploads\/2024\/12\/Mask-group-2-1.png 793w\" sizes=\"auto, (max-width: 300px) 100vw, 300px\" \/>\t\t\t\t\t<\/div>\n\t\t\t\t<\/div>\n\t\t\t<\/div>\n\t\t\t\t<div class=\"icon-box-text last-reset\">\n\t\t\t\t\t\t\t\t\t\n\t<div id=\"gap-215361767\" class=\"gap-element clearfix\" style=\"display:block; height:auto;\">\n\t\t\n<style>\n#gap-215361767 {\n  padding-top: 30px;\n}\n<\/style>\n\t<\/div>\n\t\n<h3><strong>Nguy\u1ec5n Ho\u00e0ng<\/strong><\/h3>\n<h3><strong>Anh Ph\u01b0\u01a1ng<\/strong><\/h3>\n<h4>Essay Mentor<\/h4>\n<p>Ch\u1ecb Ph\u01b0\u01a1ng l\u00e0 c\u1ed1 v\u1ea5n lu\u1eadn t\u1eeb nh\u1eefng ng\u00e0y \u0111\u1ea7u th\u00e0nh l\u1eadp c\u1ee7a Inception, g\u00e2y \u1ea5n t\u01b0\u1ee3ng v\u1edbi c\u00e1c b\u1ea1n h\u1ecdc sinh b\u1edfi l\u1ed1i v\u0103n phong m\u1ec1m m\u1ea1i v\u00e0 kh\u1ea3 n\u0103ng truy\u1ec1n \u0111\u1ea1t ng\u00f4n ng\u1eef t\u00e0i t\u00ecnh.<\/p>\n\t\t<\/div>\n\t<\/div>\n\t\n\t\n\t\t<\/div>\n\t\t\t\t\t<\/div>\n\n\t\n\n\t<div id=\"col-1244094645\" class=\"col medium-3 small-6 large-3\"  >\n\t\t\t\t<div class=\"col-inner\"  >\n\t\t\t\n\t\t\t\n\n\t\t<div class=\"icon-box featured-box icon-box-center text-center\"  >\n\t\t\t\t\t<div class=\"icon-box-img\" style=\"width: 185px\">\n\t\t\t\t<div class=\"icon\">\n\t\t\t\t\t<div class=\"icon-inner\" >\n\t\t\t\t\t\t<img loading=\"lazy\" decoding=\"async\" width=\"300\" height=\"300\" src=\"https:\/\/store3.k-tech-services.com\/duhoc\/wp-content\/uploads\/2024\/12\/Mask-group-3-1-300x300.png\" class=\"attachment-medium size-medium\" alt=\"\" srcset=\"https:\/\/store3.k-tech-services.com\/duhoc\/wp-content\/uploads\/2024\/12\/Mask-group-3-1-300x300.png 300w, https:\/\/store3.k-tech-services.com\/duhoc\/wp-content\/uploads\/2024\/12\/Mask-group-3-1-150x150.png 150w, https:\/\/store3.k-tech-services.com\/duhoc\/wp-content\/uploads\/2024\/12\/Mask-group-3-1-768x768.png 768w, https:\/\/store3.k-tech-services.com\/duhoc\/wp-content\/uploads\/2024\/12\/Mask-group-3-1.png 793w\" sizes=\"auto, (max-width: 300px) 100vw, 300px\" \/>\t\t\t\t\t<\/div>\n\t\t\t\t<\/div>\n\t\t\t<\/div>\n\t\t\t\t<div class=\"icon-box-text last-reset\">\n\t\t\t\t\t\t\t\t\t\n\t<div id=\"gap-1756388446\" class=\"gap-element clearfix\" style=\"display:block; height:auto;\">\n\t\t\n<style>\n#gap-1756388446 {\n  padding-top: 30px;\n}\n<\/style>\n\t<\/div>\n\t\n<h3>H\u1ee9a Vi\u1ec7t Tu\u00e2n<\/h3>\n<h4>Master \/ Ph.D Mentor<\/h4>\n<p>Kh\u00f4ng ch\u1ec9 l\u00e0 c\u1ed1 v\u1ea5n lu\u1eadn t\u00e0i n\u0103ng c\u1ee7a Inception v\u1edbi nhi\u1ec1u th\u00e0nh t\u00edch \u0111\u00e1ng n\u1ec3, anh Trung c\u00f2n l\u00e0 gi\u00e1o vi\u00ean r\u1ea5t \u0111\u01b0\u1ee3c y\u00eau th\u00edch c\u1ee7a kho\u00e1 Academic Writing.<\/p>\n\t\t<\/div>\n\t<\/div>\n\t\n\t\n\t\t<\/div>\n\t\t\t\t\t<\/div>\n\n\t\n\n\t<div id=\"col-594172303\" class=\"col medium-3 small-6 large-3\"  >\n\t\t\t\t<div class=\"col-inner\"  >\n\t\t\t\n\t\t\t\n\n\t\t<div class=\"icon-box featured-box icon-box-center text-center\"  >\n\t\t\t\t\t<div class=\"icon-box-img\" style=\"width: 185px\">\n\t\t\t\t<div class=\"icon\">\n\t\t\t\t\t<div class=\"icon-inner\" >\n\t\t\t\t\t\t<img loading=\"lazy\" decoding=\"async\" width=\"300\" height=\"300\" src=\"https:\/\/store3.k-tech-services.com\/duhoc\/wp-content\/uploads\/2024\/12\/Mask-group-1-1-300x300.png\" class=\"attachment-medium size-medium\" alt=\"\" srcset=\"https:\/\/store3.k-tech-services.com\/duhoc\/wp-content\/uploads\/2024\/12\/Mask-group-1-1-300x300.png 300w, https:\/\/store3.k-tech-services.com\/duhoc\/wp-content\/uploads\/2024\/12\/Mask-group-1-1-150x150.png 150w, https:\/\/store3.k-tech-services.com\/duhoc\/wp-content\/uploads\/2024\/12\/Mask-group-1-1-768x768.png 768w, https:\/\/store3.k-tech-services.com\/duhoc\/wp-content\/uploads\/2024\/12\/Mask-group-1-1.png 793w\" sizes=\"auto, (max-width: 300px) 100vw, 300px\" \/>\t\t\t\t\t<\/div>\n\t\t\t\t<\/div>\n\t\t\t<\/div>\n\t\t\t\t<div class=\"icon-box-text last-reset\">\n\t\t\t\t\t\t\t\t\t\n\t<div id=\"gap-900679737\" class=\"gap-element clearfix\" style=\"display:block; height:auto;\">\n\t\t\n<style>\n#gap-900679737 {\n  padding-top: 30px;\n}\n<\/style>\n\t<\/div>\n\t\n<h3>Ng\u1ecdc Linh<\/h3>\n<h4>Master \/ Ph.D Mentor<\/h4>\n<p>Ch\u1ecb Linh l\u00e0 c\u1ed1 v\u1ea5n lu\u1eadn t\u1eeb nh\u1eefng ng\u00e0y \u0111\u1ea7u th\u00e0nh l\u1eadp c\u1ee7a Inception, g\u00e2y \u1ea5n t\u01b0\u1ee3ng v\u1edbi c\u00e1c b\u1ea1n h\u1ecdc sinh b\u1edfi l\u1ed1i v\u0103n phong m\u1ec1m m\u1ea1i v\u00e0 kh\u1ea3 n\u0103ng truy\u1ec1n \u0111\u1ea1t ng\u00f4n ng\u1eef t\u00e0i t\u00ecnh.<\/p>\n\t\t<\/div>\n\t<\/div>\n\t\n\t\n\t\t<\/div>\n\t\t\t\t\t<\/div>\n\n\t\n<\/div>\n\t\t<\/div>\n\n\t\t\n<style>\n#section_173985461 {\n  padding-top: 30px;\n  padding-bottom: 30px;\n}\n<\/style>\n\t<\/section>\n\t\n","protected":false},"excerpt":{"rendered":"","protected":false},"author":1,"featured_media":0,"parent":0,"menu_order":0,"comment_status":"closed","ping_status":"closed","template":"page-blank.php","meta":{"footnotes":""},"class_list":["post-5","page","type-page","status-publish","hentry"],"_links":{"self":[{"href":"https:\/\/store3.k-tech-services.com\/duhoc\/wp-json\/wp\/v2\/pages\/5","targetHints":{"allow":["GET"]}}],"collection":[{"href":"https:\/\/store3.k-tech-services.com\/duhoc\/wp-json\/wp\/v2\/pages"}],"about":[{"href":"https:\/\/store3.k-tech-services.com\/duhoc\/wp-json\/wp\/v2\/types\/page"}],"author":[{"embeddable":true,"href":"https:\/\/store3.k-tech-services.com\/duhoc\/wp-json\/wp\/v2\/users\/1"}],"replies":[{"embeddable":true,"href":"https:\/\/store3.k-tech-services.com\/duhoc\/wp-json\/wp\/v2\/comments?post=5"}],"version-history":[{"count":121,"href":"https:\/\/store3.k-tech-services.com\/duhoc\/wp-json\/wp\/v2\/pages\/5\/revisions"}],"predecessor-version":[{"id":460,"href":"https:\/\/store3.k-tech-services.com\/duhoc\/wp-json\/wp\/v2\/pages\/5\/revisions\/460"}],"wp:attachment":[{"href":"https:\/\/store3.k-tech-services.com\/duhoc\/wp-json\/wp\/v2\/media?parent=5"}],"curies":[{"name":"wp","href":"https:\/\/api.w.org\/{rel}","templated":true}]}}