{"id":551,"date":"2025-04-30T07:55:24","date_gmt":"2025-04-30T07:55:24","guid":{"rendered":"https:\/\/dinhvixe.oe\/?page_id=551"},"modified":"2025-04-30T08:50:07","modified_gmt":"2025-04-30T08:50:07","slug":"san-pham","status":"publish","type":"page","link":"http:\/\/store3.k-tech-services.com\/dinhvixe247\/san-pham\/","title":{"rendered":"S\u1ea3n ph\u1ea9m"},"content":{"rendered":"\n  <div class=\"banner has-hover\" id=\"banner-1647101066\">\n          <div class=\"banner-inner fill\">\n        <div class=\"banner-bg fill\" >\n            <img loading=\"lazy\" decoding=\"async\" width=\"1920\" height=\"400\" src=\"http:\/\/store3.k-tech-services.com\/dinhvixe247\/wp-content\/uploads\/2025\/04\/banner-contact-1920x400-1.jpg\" class=\"bg attachment-original size-original\" alt=\"\" \/>                                    \n                    <\/div>\n\t\t\n        <div class=\"banner-layers container\">\n            <div class=\"fill banner-link\"><\/div>            \n   <div id=\"text-box-1830858347\" class=\"text-box banner-layer x50 md-x50 lg-x50 y80 md-y80 lg-y80 res-text\">\n                                <div class=\"text-box-content text dark\">\n              \n              <div class=\"text-inner text-center\">\n                  \n\t<div id=\"text-3321539420\" class=\"text product-page\">\n\t\t\n<h3 class=\"title-page fw-600 text-capitalize\">Thi\u1ebft b\u1ecb \u0111\u1ecbnh v\u1ecb GPS &#038; Camera gi\u00e1m s\u00e1t h\u00e0nh tr\u00ecnh<\/h3>\n<p>\u0110\u1ecbnh V\u1ecb Xe 247 cung c\u1ea5p \u0111a d\u1ea1ng c\u00e1c thi\u1ebft b\u1ecb gi\u00e1m s\u00e1t v\u00e0 \u0111\u1ecbnh v\u1ecb GPS ch\u1ea5t l\u01b0\u1ee3ng cao, bao g\u1ed3m c\u1ea3 Camera H\u00e0nh Tr\u00ecnh \u0111\u00e1p \u1ee9ng Ngh\u1ecb \u0111\u1ecbnh 10, \u0111\u1ea3m b\u1ea3o \u0111\u1ed9 b\u1ec1n, t\u00ednh \u1ed5n \u0111\u1ecbnh v\u00e0 \u0111\u1ed9 ch\u00ednh x\u00e1c t\u1ed1i \u01b0u cho m\u1ecdi nhu c\u1ea7u qu\u1ea3n l\u00fd v\u00e0 b\u1ea3o v\u1ec7 ph\u01b0\u01a1ng ti\u1ec7n.<\/p>\n\t\t\t<\/div>\n\t\n              <\/div>\n           <\/div>\n                            \n<style>\n#text-box-1830858347 {\n  width: 98%;\n}\n#text-box-1830858347 .text-box-content {\n  font-size: 100%;\n}\n@media (min-width:550px) {\n  #text-box-1830858347 {\n    width: 65%;\n  }\n}\n@media (min-width:850px) {\n  #text-box-1830858347 {\n    width: 76%;\n  }\n}\n<\/style>\n    <\/div>\n \n        <\/div>\n      <\/div>\n\n            \n<style>\n#banner-1647101066 {\n  padding-top: 400px;\n}\n<\/style>\n  <\/div>\n\n\n\n\t<section class=\"section sec-products\" id=\"section_293875385\">\n\t\t<div class=\"section-bg fill\" >\n\t\t\t\t\t\t\t\t\t\n\t\t\t\n\n\t\t<\/div>\n\n\t\t\n\n\t\t<div class=\"section-content relative\">\n\t\t\t\n<div class=\"row\"  id=\"row-1051814485\">\n\n\t<div id=\"col-508567915\" class=\"col small-12 large-12\"  >\n\t\t\t\t<div class=\"col-inner\"  >\n\t\t\t\n\t\t\t\n\n            <div class=\"list-product-page mb-5\">\r\n                <div class=\"product-wrap\">\r\n                    <h2>\u0110\u1ecbnh V\u1ecb GPS Cho \u00d4 T\u00f4<\/h2>\r\n                    <div class=\"item-wrap\">\r\n                        <div class=\"row\">\r\n                                                            <div class=\"col medium-4 small-12 large-4\">\r\n                                    <div class=\"card\">\r\n                                        <div class=\"thumbnail\">\r\n                                            <img decoding=\"async\" src=\"http:\/\/store3.k-tech-services.com\/dinhvixe247\/wp-content\/uploads\/2025\/04\/badat3-467x297-1.png\" alt=\"\">\r\n                                        <\/div>\r\n                                        <div class=\"content p-3 text-center\">\r\n                                            <h3 class=\"text-center\">Gi\u00e1m s\u00e1t th\u1eddi gian v\u00e0 qu\u00e3ng \u0111\u01b0\u1eddng h\u1ecdc l\u00e1i xe<\/h3>\r\n                                            <div class=\"desc py-2\">Gi\u1ea3i ph\u00e1p ch\u1ed1ng tr\u1ed9m v\u00e0 gi\u00e1m s\u00e1t xe m\u00e1y hi\u1ec7u qu\u1ea3 24\/7, nh\u1ecf g\u1ecdn, ch\u1ed1ng n\u01b0\u1edbc t\u1ed1t, d\u1ec5 s\u1eed d\u1ee5ng.<\/div>\r\n                                            <div class=\"btn-product d-flex align-items-center justify-content-between\">\r\n                                                <a href=\"tel:0979799537\">B\u00e1o gi\u00e1<\/a>\r\n                                                <a href=\"http:\/\/store3.k-tech-services.com\/dinhvixe247\/san-pham\/giam-sat-thoi-gian-va-quang-duong-hoc-lai-xe\/\">Xem chi ti\u1ebft<\/a>\r\n                                            <\/div>\r\n                                        <\/div>\r\n                                    <\/div>\r\n                                <\/div>\r\n                                                    <\/div>\r\n                    <\/div>\r\n                <\/div>\r\n            <\/div>\r\n                        <div class=\"list-product-page mb-5\">\r\n                <div class=\"product-wrap\">\r\n                    <h2>\u0110\u1ecbnh V\u1ecb GPS Cho Xe M\u00e1y<\/h2>\r\n                    <div class=\"item-wrap\">\r\n                        <div class=\"row\">\r\n                                                            <div class=\"col medium-4 small-12 large-4\">\r\n                                    <div class=\"card\">\r\n                                        <div class=\"thumbnail\">\r\n                                            <img decoding=\"async\" src=\"http:\/\/store3.k-tech-services.com\/dinhvixe247\/wp-content\/uploads\/2025\/04\/httpsbagps.vnthiet-bi-dinh-bi-hop-chuan-cao-cap-4g-p44_1-467x297-1.jpg\" alt=\"\">\r\n                                        <\/div>\r\n                                        <div class=\"content p-3 text-center\">\r\n                                            <h3 class=\"text-center\">DV247-MOTO (Sao ch\u00e9p)<\/h3>\r\n                                            <div class=\"desc py-2\">Gi\u1ea3i ph\u00e1p ch\u1ed1ng tr\u1ed9m v\u00e0 gi\u00e1m s\u00e1t xe m\u00e1y hi\u1ec7u qu\u1ea3 24\/7, nh\u1ecf g\u1ecdn, ch\u1ed1ng n\u01b0\u1edbc t\u1ed1t, d\u1ec5 s\u1eed d\u1ee5ng.<\/div>\r\n                                            <div class=\"btn-product d-flex align-items-center justify-content-between\">\r\n                                                <a href=\"tel:0979799537\">B\u00e1o gi\u00e1<\/a>\r\n                                                <a href=\"http:\/\/store3.k-tech-services.com\/dinhvixe247\/san-pham\/dv247-moto-sao-chep\/\">Xem chi ti\u1ebft<\/a>\r\n                                            <\/div>\r\n                                        <\/div>\r\n                                    <\/div>\r\n                                <\/div>\r\n                                                            <div class=\"col medium-4 small-12 large-4\">\r\n                                    <div class=\"card\">\r\n                                        <div class=\"thumbnail\">\r\n                                            <img decoding=\"async\" src=\"http:\/\/store3.k-tech-services.com\/dinhvixe247\/wp-content\/uploads\/2025\/04\/gsht-tich-hop-camera-giam-sat-thong-minh-0_1-467x297-1.jpg\" alt=\"\">\r\n                                        <\/div>\r\n                                        <div class=\"content p-3 text-center\">\r\n                                            <h3 class=\"text-center\">GSHT s\u1eed d\u1ee5ng tr\u00ed tu\u1ec7 nh\u00e2n t\u1ea1o<\/h3>\r\n                                            <div class=\"desc py-2\">Gi\u1ea3i ph\u00e1p ch\u1ed1ng tr\u1ed9m v\u00e0 gi\u00e1m s\u00e1t xe m\u00e1y hi\u1ec7u qu\u1ea3 24\/7, nh\u1ecf g\u1ecdn, ch\u1ed1ng n\u01b0\u1edbc t\u1ed1t, d\u1ec5 s\u1eed d\u1ee5ng.<\/div>\r\n                                            <div class=\"btn-product d-flex align-items-center justify-content-between\">\r\n                                                <a href=\"tel:0979799537\">B\u00e1o gi\u00e1<\/a>\r\n                                                <a href=\"http:\/\/store3.k-tech-services.com\/dinhvixe247\/san-pham\/gsht-su-dung-tri-tue-nhan-tao\/\">Xem chi ti\u1ebft<\/a>\r\n                                            <\/div>\r\n                                        <\/div>\r\n                                    <\/div>\r\n                                <\/div>\r\n                                                            <div class=\"col medium-4 small-12 large-4\">\r\n                                    <div class=\"card\">\r\n                                        <div class=\"thumbnail\">\r\n                                            <img decoding=\"async\" src=\"http:\/\/store3.k-tech-services.com\/dinhvixe247\/wp-content\/uploads\/2025\/04\/httpsbagps.vnthiet-bi-dinh-bi-hop-chuan-cao-cap-4g-p44_1-467x297-1.jpg\" alt=\"\">\r\n                                        <\/div>\r\n                                        <div class=\"content p-3 text-center\">\r\n                                            <h3 class=\"text-center\">DV247-MOTO<\/h3>\r\n                                            <div class=\"desc py-2\">Gi\u1ea3i ph\u00e1p ch\u1ed1ng tr\u1ed9m v\u00e0 gi\u00e1m s\u00e1t xe m\u00e1y hi\u1ec7u qu\u1ea3 24\/7, nh\u1ecf g\u1ecdn, ch\u1ed1ng n\u01b0\u1edbc t\u1ed1t, d\u1ec5 s\u1eed d\u1ee5ng.<\/div>\r\n                                            <div class=\"btn-product d-flex align-items-center justify-content-between\">\r\n                                                <a href=\"tel:0979799537\">B\u00e1o gi\u00e1<\/a>\r\n                                                <a href=\"http:\/\/store3.k-tech-services.com\/dinhvixe247\/san-pham\/dv247-moto\/\">Xem chi ti\u1ebft<\/a>\r\n                                            <\/div>\r\n                                        <\/div>\r\n                                    <\/div>\r\n                                <\/div>\r\n                                                    <\/div>\r\n                    <\/div>\r\n                <\/div>\r\n            <\/div>\r\n                        <div class=\"list-product-page mb-5\">\r\n                <div class=\"product-wrap\">\r\n                    <h2>Thi\u1ebft B\u1ecb Gi\u00e1m S\u00e1t Chuy\u00ean D\u1ee5ng<\/h2>\r\n                    <div class=\"item-wrap\">\r\n                        <div class=\"row\">\r\n                                                            <div class=\"col medium-4 small-12 large-4\">\r\n                                    <div class=\"card\">\r\n                                        <div class=\"thumbnail\">\r\n                                            <img decoding=\"async\" src=\"http:\/\/store3.k-tech-services.com\/dinhvixe247\/wp-content\/uploads\/2025\/04\/badat3-467x297-1.png\" alt=\"\">\r\n                                        <\/div>\r\n                                        <div class=\"content p-3 text-center\">\r\n                                            <h3 class=\"text-center\">Gi\u00e1m s\u00e1t th\u1eddi gian v\u00e0 qu\u00e3ng \u0111\u01b0\u1eddng h\u1ecdc l\u00e1i xe<\/h3>\r\n                                            <div class=\"desc py-2\">Gi\u1ea3i ph\u00e1p ch\u1ed1ng tr\u1ed9m v\u00e0 gi\u00e1m s\u00e1t xe m\u00e1y hi\u1ec7u qu\u1ea3 24\/7, nh\u1ecf g\u1ecdn, ch\u1ed1ng n\u01b0\u1edbc t\u1ed1t, d\u1ec5 s\u1eed d\u1ee5ng.<\/div>\r\n                                            <div class=\"btn-product d-flex align-items-center justify-content-between\">\r\n                                                <a href=\"tel:0979799537\">B\u00e1o gi\u00e1<\/a>\r\n                                                <a href=\"http:\/\/store3.k-tech-services.com\/dinhvixe247\/san-pham\/giam-sat-thoi-gian-va-quang-duong-hoc-lai-xe\/\">Xem chi ti\u1ebft<\/a>\r\n                                            <\/div>\r\n                                        <\/div>\r\n                                    <\/div>\r\n                                <\/div>\r\n                                                    <\/div>\r\n                    <\/div>\r\n                <\/div>\r\n            <\/div>\r\n            \n\n\t\t<\/div>\n\t\t\t\t\t<\/div>\n\n\t\n<\/div>\n\t\t<\/div>\n\n\t\t\n<style>\n#section_293875385 {\n  padding-top: 30px;\n  padding-bottom: 30px;\n}\n<\/style>\n\t<\/section>\n\t\n","protected":false},"excerpt":{"rendered":"","protected":false},"author":1,"featured_media":0,"parent":0,"menu_order":0,"comment_status":"closed","ping_status":"closed","template":"page-transparent-header.php","meta":{"_acf_changed":false,"footnotes":""},"class_list":["post-551","page","type-page","status-publish","hentry"],"acf":[],"_links":{"self":[{"href":"http:\/\/store3.k-tech-services.com\/dinhvixe247\/wp-json\/wp\/v2\/pages\/551","targetHints":{"allow":["GET"]}}],"collection":[{"href":"http:\/\/store3.k-tech-services.com\/dinhvixe247\/wp-json\/wp\/v2\/pages"}],"about":[{"href":"http:\/\/store3.k-tech-services.com\/dinhvixe247\/wp-json\/wp\/v2\/types\/page"}],"author":[{"embeddable":true,"href":"http:\/\/store3.k-tech-services.com\/dinhvixe247\/wp-json\/wp\/v2\/users\/1"}],"replies":[{"embeddable":true,"href":"http:\/\/store3.k-tech-services.com\/dinhvixe247\/wp-json\/wp\/v2\/comments?post=551"}],"version-history":[{"count":17,"href":"http:\/\/store3.k-tech-services.com\/dinhvixe247\/wp-json\/wp\/v2\/pages\/551\/revisions"}],"predecessor-version":[{"id":570,"href":"http:\/\/store3.k-tech-services.com\/dinhvixe247\/wp-json\/wp\/v2\/pages\/551\/revisions\/570"}],"wp:attachment":[{"href":"http:\/\/store3.k-tech-services.com\/dinhvixe247\/wp-json\/wp\/v2\/media?parent=551"}],"curies":[{"name":"wp","href":"https:\/\/api.w.org\/{rel}","templated":true}]}}